CRAN Package Check Results for Package EncDNA

Last updated on 2019-08-19 20:46:13 CEST.

Flavor Version Tinstall Tcheck Ttotal Status Flags
r-devel-linux-x86_64-debian-clang 1.0.2 11.78 112.88 124.66 OK
r-devel-linux-x86_64-debian-gcc 1.0.2 11.21 85.98 97.19 OK
r-devel-linux-x86_64-fedora-clang 1.0.2 153.23 OK
r-devel-linux-x86_64-fedora-gcc 1.0.2 147.23 OK
r-devel-windows-ix86+x86_64 1.0.2 31.00 145.00 176.00 OK
r-patched-linux-x86_64 1.0.2 12.47 107.39 119.86 OK
r-patched-solaris-x86 1.0.2 215.10 OK
r-release-linux-x86_64 1.0.2 11.04 108.69 119.73 OK
r-release-windows-ix86+x86_64 1.0.2 26.00 144.00 170.00 OK
r-release-osx-x86_64 1.0.2 ERROR
r-oldrel-windows-ix86+x86_64 1.0.2 15.00 104.00 119.00 OK
r-oldrel-osx-x86_64 1.0.2 OK

Check Details

Version: 1.0.2
Check: package dependencies
Result: ERROR
    Package required but not available: ‘Biostrings’
    
    See section ‘The DESCRIPTION file’ in the ‘Writing R Extensions’
    manual.
Flavor: r-release-osx-x86_64