CRAN Package Check Results for Package EmissV

Last updated on 2020-09-18 22:57:24 CEST.

Flavor Version Tinstall Tcheck Ttotal Status Flags
r-devel-linux-x86_64-debian-clang 0.665.2.1 12.78 148.52 161.30 OK
r-devel-linux-x86_64-debian-gcc 0.665.2.1 9.79 111.44 121.23 OK
r-devel-linux-x86_64-fedora-clang 0.665.2.1 218.26 NOTE
r-devel-linux-x86_64-fedora-gcc 0.665.2.1 212.83 OK
r-devel-windows-ix86+x86_64 0.665.2.1 27.00 177.00 204.00 NOTE
r-patched-linux-x86_64 0.665.2.1 10.58 145.12 155.70 OK
r-patched-solaris-x86 0.665.2.1 233.90 NOTE
r-release-linux-x86_64 0.665.2.1 11.82 145.66 157.48 OK
r-release-macos-x86_64 0.665.2.1 NOTE
r-release-windows-ix86+x86_64 0.665.2.1 28.00 187.00 215.00 NOTE
r-oldrel-macos-x86_64 0.665.2.1 NOTE
r-oldrel-windows-ix86+x86_64 0.665.2.1 16.00 168.00 184.00 NOTE

Check Details

Version: 0.665.2.1
Check: installed package size
Result: NOTE
     installed size is 10.5Mb
     sub-directories of 1Mb or more:
     extdata 10.2Mb
Flavors: r-devel-linux-x86_64-fedora-clang, r-devel-windows-ix86+x86_64, r-patched-solaris-x86, r-release-macos-x86_64, r-release-windows-ix86+x86_64, r-oldrel-macos-x86_64, r-oldrel-windows-ix86+x86_64