Last updated on 2023-01-29 23:03:06 CET.
Flavor | Version | Tinstall | Tcheck | Ttotal | Status | Flags |
---|---|---|---|---|---|---|
r-devel-linux-x86_64-debian-clang | 0.665.6.3 | 32.51 | 408.14 | 440.65 | NOTE | |
r-devel-linux-x86_64-debian-gcc | 0.665.6.3 | 28.37 | 297.28 | 325.65 | NOTE | |
r-devel-linux-x86_64-fedora-clang | 0.665.6.3 | 573.40 | NOTE | |||
r-devel-linux-x86_64-fedora-gcc | 0.665.6.3 | 534.92 | NOTE | |||
r-devel-windows-x86_64 | 0.665.6.3 | 42.00 | 420.00 | 462.00 | OK | |
r-patched-linux-x86_64 | 0.665.6.3 | 33.95 | 392.43 | 426.38 | NOTE | |
r-release-linux-x86_64 | 0.665.6.3 | 31.53 | 400.42 | 431.95 | NOTE | |
r-release-macos-arm64 | 0.665.6.3 | 97.00 | OK | |||
r-release-macos-x86_64 | 0.665.6.3 | 157.00 | OK | |||
r-release-windows-x86_64 | 0.665.6.3 | 36.00 | 418.00 | 454.00 | OK | |
r-oldrel-macos-arm64 | 0.665.6.3 | 101.00 | OK | |||
r-oldrel-macos-x86_64 | 0.665.6.3 | 154.00 | OK | |||
r-oldrel-windows-ix86+x86_64 | 0.665.6.3 | 72.00 | 411.00 | 483.00 | OK |
Version: 0.665.6.3
Check: package dependencies
Result: NOTE
Package suggested but not available for checking: ‘osmar’
Flavors: r-devel-linux-x86_64-debian-clang, r-devel-linux-x86_64-debian-gcc, r-devel-linux-x86_64-fedora-clang, r-devel-linux-x86_64-fedora-gcc, r-patched-linux-x86_64, r-release-linux-x86_64