CRAN Package Check Results for Package EloChoice

Last updated on 2021-12-08 10:51:46 CET.

Flavor Version Tinstall Tcheck Ttotal Status Flags
r-devel-linux-x86_64-debian-clang 0.29.4 28.95 115.90 144.85 OK
r-devel-linux-x86_64-debian-gcc 0.29.4 23.09 96.02 119.11 OK
r-devel-linux-x86_64-fedora-clang 0.29.4 189.04 NOTE
r-devel-linux-x86_64-fedora-gcc 0.29.4 189.61 OK
r-devel-windows-x86_64-new-UL 0.29.4 45.00 179.00 224.00 OK
r-devel-windows-x86_64-new-TK 0.29.4 OK
r-devel-windows-x86_64-old 0.29.4 43.00 155.00 198.00 OK
r-patched-linux-x86_64 0.29.4 26.76 111.88 138.64 OK
r-release-linux-x86_64 0.29.4 29.26 110.12 139.38 OK
r-release-macos-arm64 0.29.4 OK
r-release-macos-x86_64 0.29.4 OK
r-release-windows-ix86+x86_64 0.29.4 66.00 175.00 241.00 OK
r-oldrel-macos-x86_64 0.29.4 OK
r-oldrel-windows-ix86+x86_64 0.29.4 82.00 182.00 264.00 OK

Check Details

Version: 0.29.4
Check: Rd cross-references
Result: NOTE
    Undeclared package ‘EloRating’ in Rd xrefs
Flavor: r-devel-linux-x86_64-fedora-clang