CRAN Package Check Results for Package EigenR

Last updated on 2022-01-20 04:52:52 CET.

Flavor Version Tinstall Tcheck Ttotal Status Flags
r-devel-linux-x86_64-debian-clang 1.1.0 OK
r-devel-linux-x86_64-debian-gcc 1.1.0 216.84 34.16 251.00 OK
r-devel-linux-x86_64-fedora-clang 1.1.0 359.22 NOTE
r-devel-linux-x86_64-fedora-gcc 1.1.0 471.55 OK
r-devel-windows-x86_64-new-UL 1.2.0 123.00 94.00 217.00 OK
r-devel-windows-x86_64-new-TK 1.1.0 OK
r-patched-linux-x86_64 1.1.0 228.97 41.42 270.39 OK
r-release-linux-x86_64 1.1.0 OK
r-release-macos-arm64 1.1.0 NOTE
r-release-macos-x86_64 1.1.0 NOTE
r-release-windows-ix86+x86_64 1.1.0 189.00 8.00 197.00 ERROR
r-oldrel-macos-x86_64 1.1.0 NOTE
r-oldrel-windows-ix86+x86_64 1.1.0 195.00 8.00 203.00 ERROR

Check Details

Version: 1.1.0
Check: installed package size
Result: NOTE
     installed size is 106.5Mb
     sub-directories of 1Mb or more:
     libs 106.4Mb
Flavors: r-devel-linux-x86_64-fedora-clang, r-release-macos-arm64, r-release-macos-x86_64, r-oldrel-macos-x86_64

Version: 1.1.0
Check: whether package can be installed
Result: ERROR
    Installation failed.
Flavors: r-release-windows-ix86+x86_64, r-oldrel-windows-ix86+x86_64