CRAN Package Check Results for Package EfficientMaxEigenpair

Last updated on 2020-04-05 05:47:10 CEST.

Flavor Version Tinstall Tcheck Ttotal Status Flags
r-devel-linux-x86_64-debian-clang 0.1.4 2.80 431.60 434.40 OK
r-devel-linux-x86_64-debian-gcc 0.1.4 2.63 339.08 341.71 OK
r-devel-linux-x86_64-fedora-clang 0.1.4 518.28 OK
r-devel-linux-x86_64-fedora-gcc 0.1.4 517.27 OK
r-devel-windows-ix86+x86_64 0.1.4 8.00 422.00 430.00 OK
r-devel-windows-ix86+x86_64-gcc8 0.1.4 7.00 433.00 440.00 OK
r-patched-linux-x86_64 0.1.4 3.20 421.99 425.19 OK
r-patched-solaris-x86 0.1.4 52.50 OK --no-vignettes
r-release-linux-x86_64 0.1.4 2.38 419.90 422.28 OK
r-release-windows-ix86+x86_64 0.1.4 6.00 413.00 419.00 OK
r-release-osx-x86_64 0.1.4 FAIL
r-oldrel-windows-ix86+x86_64 0.1.4 7.00 402.00 409.00 OK
r-oldrel-osx-x86_64 0.1.4 OK

Check Details

Version: 0.1.4
Check: re-building of vignette outputs
Result: FAIL
Flavor: r-release-osx-x86_64