CRAN Package Check Results for Package EffectsRelBaseline

Last updated on 2019-02-23 15:52:42 CET.

Flavor Version Tinstall Tcheck Ttotal Status Flags
r-devel-linux-x86_64-debian-clang 0.5 1.14 19.06 20.20 NOTE
r-devel-linux-x86_64-debian-gcc 0.5 0.94 15.25 16.19 NOTE
r-devel-linux-x86_64-fedora-clang 0.5 25.14 NOTE
r-devel-linux-x86_64-fedora-gcc 0.5 23.60 NOTE
r-devel-windows-ix86+x86_64 0.5 4.00 43.00 47.00 NOTE
r-patched-linux-x86_64 0.5 0.90 17.37 18.27 NOTE
r-patched-solaris-x86 0.5 36.00 NOTE
r-release-linux-x86_64 0.5 0.85 17.51 18.36 NOTE
r-release-windows-ix86+x86_64 0.5 4.00 43.00 47.00 NOTE
r-release-osx-x86_64 0.5 NOTE
r-oldrel-windows-ix86+x86_64 0.5 3.00 44.00 47.00 NOTE
r-oldrel-osx-x86_64 0.5 NOTE

Check Details

Version: 0.5
Check: DESCRIPTION meta-information
Result: NOTE
    Malformed Title field: should not end in a period.
Flavors: r-devel-linux-x86_64-debian-clang, r-devel-linux-x86_64-debian-gcc, r-devel-linux-x86_64-fedora-clang, r-devel-linux-x86_64-fedora-gcc, r-devel-windows-ix86+x86_64, r-patched-linux-x86_64, r-patched-solaris-x86, r-release-linux-x86_64, r-release-windows-ix86+x86_64, r-release-osx-x86_64, r-oldrel-windows-ix86+x86_64, r-oldrel-osx-x86_64