CRAN Package Check Results for Package EffectsRelBaseline

Last updated on 2019-04-25 15:53:54 CEST.

Flavor Version Tinstall Tcheck Ttotal Status Flags
r-devel-linux-x86_64-debian-clang 0.5 1.47 18.71 20.18 NOTE
r-devel-linux-x86_64-debian-gcc 0.5 1.26 15.46 16.72 NOTE
r-devel-linux-x86_64-fedora-clang 0.5 25.14 NOTE
r-devel-linux-x86_64-fedora-gcc 0.5 24.71 NOTE
r-devel-windows-ix86+x86_64 0.5 7.00 47.00 54.00 NOTE
r-patched-linux-x86_64 0.5 1.32 18.92 20.24 NOTE
r-patched-solaris-x86 0.5 40.10 NOTE
r-release-linux-x86_64 0.5 0.82 17.24 18.06 NOTE
r-release-windows-ix86+x86_64 0.5 2.00 43.00 45.00 NOTE
r-release-osx-x86_64 0.5 NOTE
r-oldrel-windows-ix86+x86_64 0.5 3.00 30.00 33.00 NOTE
r-oldrel-osx-x86_64 0.5 NOTE

Check Details

Version: 0.5
Check: DESCRIPTION meta-information
Result: NOTE
    Malformed Title field: should not end in a period.
Flavors: r-devel-linux-x86_64-debian-clang, r-devel-linux-x86_64-debian-gcc, r-devel-linux-x86_64-fedora-clang, r-devel-linux-x86_64-fedora-gcc, r-devel-windows-ix86+x86_64, r-patched-linux-x86_64, r-patched-solaris-x86, r-release-linux-x86_64, r-release-windows-ix86+x86_64, r-release-osx-x86_64, r-oldrel-windows-ix86+x86_64, r-oldrel-osx-x86_64