CRAN Package Check Results for Package EffectStars

Last updated on 2022-08-12 18:49:41 CEST.

Flavor Version Tinstall Tcheck Ttotal Status Flags
r-devel-linux-x86_64-debian-clang 1.9-1 8.77 59.28 68.05 OK
r-devel-linux-x86_64-debian-gcc 1.9-1 6.19 45.53 51.72 OK
r-devel-linux-x86_64-fedora-clang 1.9-1 94.31 NOTE
r-devel-linux-x86_64-fedora-gcc 1.9-1 94.07 OK
r-devel-windows-x86_64 1.9-1 31.00 83.00 114.00 OK
r-patched-linux-x86_64 1.9-1 8.90 56.54 65.44 OK
r-release-linux-x86_64 1.9-1 6.47 57.50 63.97 OK
r-release-macos-arm64 1.9-1 26.00 OK
r-release-macos-x86_64 1.9-1 36.00 OK
r-release-windows-x86_64 1.9-1 12.00 82.00 94.00 OK
r-oldrel-macos-arm64 1.9-1 31.00 OK
r-oldrel-macos-x86_64 1.9-1 52.00 OK
r-oldrel-windows-ix86+x86_64 1.9-1 16.00 80.00 96.00 OK

Check Details

Version: 1.9-1
Check: Rd cross-references
Result: NOTE
    Undeclared packages ‘carData’, ‘faraway’ in Rd xrefs
Flavor: r-devel-linux-x86_64-fedora-clang