CRAN Package Check Results for Package EffectLiteR

Last updated on 2024-02-29 15:53:44 CET.

Flavor Version Tinstall Tcheck Ttotal Status Flags
r-devel-linux-x86_64-debian-clang 0.4-6 7.95 62.91 70.86 NOTE
r-devel-linux-x86_64-debian-gcc 0.4-6 6.56 46.60 53.16 NOTE
r-devel-linux-x86_64-fedora-clang 0.4-6 90.26 NOTE
r-devel-linux-x86_64-fedora-gcc 0.4-6 82.92 NOTE
r-devel-windows-x86_64 0.4-6 8.00 64.00 72.00 OK
r-patched-linux-x86_64 0.4-6 8.73 59.66 68.39 NOTE
r-release-linux-x86_64 0.4-6 5.61 60.30 65.91 NOTE
r-release-macos-arm64 0.4-6 32.00 OK
r-release-macos-x86_64 0.4-6 61.00 OK
r-release-windows-x86_64 0.4-6 12.00 75.00 87.00 NOTE
r-oldrel-macos-arm64 0.4-6 31.00 OK
r-oldrel-windows-x86_64 0.4-6 15.00 80.00 95.00 NOTE

Check Details

Version: 0.4-6
Check: package dependencies
Result: NOTE Package suggested but not available for checking: ‘lavaan.survey’ Flavors: r-devel-linux-x86_64-debian-clang, r-devel-linux-x86_64-debian-gcc, r-devel-linux-x86_64-fedora-clang, r-devel-linux-x86_64-fedora-gcc, r-patched-linux-x86_64, r-release-linux-x86_64, r-release-windows-x86_64, r-oldrel-windows-x86_64