CRAN Package Check Results for Package Eagle

Last updated on 2019-07-19 15:46:58 CEST.

Flavor Version Tinstall Tcheck Ttotal Status Flags
r-devel-linux-x86_64-debian-clang 1.5.1 170.85 53.19 224.04 OK
r-devel-linux-x86_64-debian-gcc 1.5.1 141.44 43.26 184.70 OK
r-devel-linux-x86_64-fedora-clang 1.5.1 343.43 NOTE
r-devel-linux-x86_64-fedora-gcc 1.5.1 320.99 OK
r-devel-windows-ix86+x86_64 1.5.1 496.00 144.00 640.00 OK
r-patched-linux-x86_64 1.5.1 158.62 52.86 211.48 OK
r-patched-solaris-x86 1.5.1 307.00 OK
r-release-linux-x86_64 1.5.1 160.05 53.01 213.06 OK
r-release-windows-ix86+x86_64 1.5.1 379.00 100.00 479.00 OK
r-release-osx-x86_64 1.5.1 NOTE
r-oldrel-windows-ix86+x86_64 1.5.1 399.00 136.00 535.00 OK
r-oldrel-osx-x86_64 1.5.1 NOTE

Check Details

Version: 1.5.1
Check: installed package size
Result: NOTE
     installed size is 8.7Mb
     sub-directories of 1Mb or more:
     libs 7.5Mb
Flavors: r-devel-linux-x86_64-fedora-clang, r-release-osx-x86_64, r-oldrel-osx-x86_64