CRAN Package Check Results for Package EWOC2

Last updated on 2020-01-25 08:49:54 CET.

Flavor Version Tinstall Tcheck Ttotal Status Flags
r-devel-linux-x86_64-debian-clang 1.0 4.60 29.62 34.22 NOTE
r-devel-linux-x86_64-debian-gcc 1.0 3.28 22.97 26.25 NOTE
r-devel-linux-x86_64-fedora-clang 1.0 40.74 NOTE
r-devel-linux-x86_64-fedora-gcc 1.0 39.09 NOTE
r-devel-windows-ix86+x86_64 1.0 17.00 65.00 82.00 OK
r-devel-windows-ix86+x86_64-gcc8 1.0 16.00 66.00 82.00 OK
r-patched-linux-x86_64 1.0 3.40 27.24 30.64 OK
r-patched-solaris-x86 1.0 59.80 OK
r-release-linux-x86_64 1.0 3.44 26.92 30.36 OK
r-release-windows-ix86+x86_64 1.0 12.00 54.00 66.00 OK
r-release-osx-x86_64 1.0 OK
r-oldrel-windows-ix86+x86_64 1.0 5.00 67.00 72.00 OK
r-oldrel-osx-x86_64 1.0 OK

Check Details

Version: 1.0
Check: for non-standard things in the check directory
Result: NOTE
    Found the following files/directories:
     'combination_cohort_2.bug'
Flavors: r-devel-linux-x86_64-debian-clang, r-devel-linux-x86_64-debian-gcc, r-devel-linux-x86_64-fedora-clang, r-devel-linux-x86_64-fedora-gcc