CRAN Package Check Results for Package EWOC2

Last updated on 2019-09-20 17:47:18 CEST.

Flavor Version Tinstall Tcheck Ttotal Status Flags
r-devel-linux-x86_64-debian-clang 1.0 4.16 26.74 30.90 NOTE
r-devel-linux-x86_64-debian-gcc 1.0 2.82 21.24 24.06 NOTE
r-devel-linux-x86_64-fedora-clang 1.0 36.68 NOTE
r-devel-linux-x86_64-fedora-gcc 1.0 35.78 NOTE
r-devel-windows-ix86+x86_64 1.0 9.00 40.00 49.00 OK
r-patched-linux-x86_64 1.0 3.06 26.68 29.74 OK
r-patched-solaris-x86 1.0 58.00 OK
r-release-linux-x86_64 1.0 3.20 26.89 30.09 OK
r-release-windows-ix86+x86_64 1.0 7.00 57.00 64.00 OK
r-release-osx-x86_64 1.0 OK
r-oldrel-windows-ix86+x86_64 1.0 5.00 46.00 51.00 OK
r-oldrel-osx-x86_64 1.0 OK

Check Details

Version: 1.0
Check: for non-standard things in the check directory
Result: NOTE
    Found the following files/directories:
     'combination_cohort_2.bug'
Flavors: r-devel-linux-x86_64-debian-clang, r-devel-linux-x86_64-debian-gcc, r-devel-linux-x86_64-fedora-clang, r-devel-linux-x86_64-fedora-gcc