CRAN Package Check Results for Package EWOC2

Last updated on 2020-08-12 22:48:16 CEST.

Flavor Version Tinstall Tcheck Ttotal Status Flags
r-devel-linux-x86_64-debian-clang 1.0 4.31 30.30 34.61 NOTE
r-devel-linux-x86_64-debian-gcc 1.0 2.85 22.49 25.34 NOTE
r-devel-linux-x86_64-fedora-clang 1.0 48.45 NOTE
r-devel-linux-x86_64-fedora-gcc 1.0 37.86 NOTE
r-devel-windows-ix86+x86_64 1.0 12.00 52.00 64.00 OK
r-patched-linux-x86_64 1.0 3.08 29.43 32.51 NOTE
r-patched-solaris-x86 1.0 61.30 NOTE
r-release-linux-x86_64 1.0 3.69 29.15 32.84 NOTE
r-release-macos-x86_64 1.0 OK
r-release-windows-ix86+x86_64 1.0 10.00 39.00 49.00 OK
r-oldrel-macos-x86_64 1.0 OK
r-oldrel-windows-ix86+x86_64 1.0 7.00 43.00 50.00 OK

Check Details

Version: 1.0
Check: for non-standard things in the check directory
Result: NOTE
    Found the following files/directories:
     'combination_cohort_2.bug'
Flavors: r-devel-linux-x86_64-debian-clang, r-devel-linux-x86_64-debian-gcc, r-devel-linux-x86_64-fedora-clang, r-devel-linux-x86_64-fedora-gcc, r-patched-linux-x86_64, r-patched-solaris-x86, r-release-linux-x86_64