CRAN Package Check Results for Package ESTER

Last updated on 2022-08-11 13:55:00 CEST.

Flavor Version Tinstall Tcheck Ttotal Status Flags
r-devel-linux-x86_64-debian-clang 0.2.0 22.18 223.10 245.28 NOTE
r-devel-linux-x86_64-debian-gcc 0.2.0 18.30 161.69 179.99 NOTE
r-devel-linux-x86_64-fedora-clang 0.2.0 306.59 NOTE
r-devel-linux-x86_64-fedora-gcc 0.2.0 286.70 NOTE
r-devel-windows-x86_64 0.2.0 24.00 244.00 268.00 NOTE
r-patched-linux-x86_64 0.2.0 20.87 206.65 227.52 NOTE
r-release-linux-x86_64 0.2.0 NOTE
r-release-macos-arm64 0.2.0 83.00 NOTE
r-release-macos-x86_64 0.2.0 131.00 NOTE
r-release-windows-x86_64 0.2.0 24.00 249.00 273.00 NOTE
r-oldrel-macos-arm64 0.2.0 107.00 NOTE
r-oldrel-macos-x86_64 0.2.0 150.00 NOTE
r-oldrel-windows-ix86+x86_64 0.2.0 49.00 244.00 293.00 NOTE

Check Details

Version: 0.2.0
Check: Rd files
Result: NOTE
    checkRd: (-1) aic.Rd:25: Escaped LaTeX specials: \&
    checkRd: (-1) aic.Rd:29: Escaped LaTeX specials: \&
    checkRd: (-1) ictab.Rd:56: Escaped LaTeX specials: \&
    checkRd: (-1) ictab.Rd:60: Escaped LaTeX specials: \&
    checkRd: (-1) ictab.Rd:64: Escaped LaTeX specials: \&
Flavors: r-devel-linux-x86_64-debian-clang, r-devel-linux-x86_64-debian-gcc, r-devel-linux-x86_64-fedora-clang, r-devel-linux-x86_64-fedora-gcc, r-devel-windows-x86_64

Version: 0.2.0
Check: LazyData
Result: NOTE
     'LazyData' is specified without a 'data' directory
Flavors: r-devel-linux-x86_64-debian-clang, r-devel-linux-x86_64-debian-gcc, r-devel-linux-x86_64-fedora-clang, r-devel-linux-x86_64-fedora-gcc, r-devel-windows-x86_64, r-patched-linux-x86_64, r-release-linux-x86_64, r-release-macos-arm64, r-release-macos-x86_64, r-release-windows-x86_64, r-oldrel-macos-arm64, r-oldrel-macos-x86_64, r-oldrel-windows-ix86+x86_64