CRAN Package Check Results for Package ERSA

Last updated on 2019-07-19 15:46:58 CEST.

Flavor Version Tinstall Tcheck Ttotal Status Flags
r-devel-linux-x86_64-debian-clang 0.1.1 4.53 50.86 55.39 NOTE
r-devel-linux-x86_64-debian-gcc 0.1.1 4.68 40.21 44.89 NOTE
r-devel-linux-x86_64-fedora-clang 0.1.1 66.18 OK
r-devel-linux-x86_64-fedora-gcc 0.1.1 63.45 OK
r-devel-windows-ix86+x86_64 0.1.1 20.00 91.00 111.00 NOTE
r-patched-linux-x86_64 0.1.1 5.63 49.95 55.58 OK
r-patched-solaris-x86 0.1.1 104.30 OK
r-release-linux-x86_64 0.1.1 5.36 49.28 54.64 OK
r-release-windows-ix86+x86_64 0.1.1 13.00 59.00 72.00 OK
r-release-osx-x86_64 0.1.1 OK
r-oldrel-windows-ix86+x86_64 0.1.1 9.00 62.00 71.00 OK
r-oldrel-osx-x86_64 0.1.1 OK

Check Details

Version: 0.1.1
Check: package vignettes
Result: NOTE
    Package vignette with placeholder title 'Vignette Title':
     'ERSA.Rmd'
Flavors: r-devel-linux-x86_64-debian-clang, r-devel-linux-x86_64-debian-gcc, r-devel-windows-ix86+x86_64