CRAN Package Check Results for Package EMVS

Last updated on 2021-12-04 10:52:30 CET.

Flavor Version Tinstall Tcheck Ttotal Status Flags
r-devel-linux-x86_64-debian-clang 1.2.1 65.62 65.80 131.42 OK
r-devel-linux-x86_64-debian-gcc 1.2.1 43.05 52.39 95.44 OK
r-devel-linux-x86_64-fedora-clang 1.2.1 184.10 WARN
r-devel-linux-x86_64-fedora-gcc 1.2.1 163.56 WARN
r-devel-windows-x86_64-new-UL 1.2.1 85.00 124.00 209.00 OK
r-devel-windows-x86_64-new-TK 1.2.1 WARN
r-devel-windows-x86_64-old 1.2.1 85.00 61.00 146.00 OK
r-patched-linux-x86_64 1.2.1 53.89 56.84 110.73 OK
r-release-linux-x86_64 1.2.1 52.95 57.52 110.47 OK
r-release-macos-arm64 1.2.1 NOTE
r-release-macos-x86_64 1.2.1 NOTE
r-release-windows-ix86+x86_64 1.2.1 166.00 105.00 271.00 NOTE
r-oldrel-macos-x86_64 1.2.1 NOTE
r-oldrel-windows-ix86+x86_64 1.2.1 164.00 105.00 269.00 NOTE

Check Details

Version: 1.2.1
Check: installed package size
Result: NOTE
     installed size is 6.4Mb
     sub-directories of 1Mb or more:
     doc 3.6Mb
     libs 2.7Mb
Flavors: r-devel-linux-x86_64-fedora-clang, r-release-macos-arm64, r-release-macos-x86_64, r-release-windows-ix86+x86_64, r-oldrel-macos-x86_64, r-oldrel-windows-ix86+x86_64

Version: 1.2.1
Check: re-building of vignette outputs
Result: WARN
    Error(s) in re-building vignettes:
    --- re-building ‘EMVS_vignette.Rnw’ using knitr
    Error: processing vignette 'EMVS_vignette.Rnw' failed with diagnostics:
    Running 'texi2dvi' on 'EMVS_vignette.tex' failed.
    LaTeX errors:
    ! Package xcolor Error: Undefined color `fgcolor'.
    
    See the xcolor package documentation for explanation.
    Type H <return> for immediate help.
     ...
    ! Package xcolor Error: Undefined color `fgcolor'.
    
    See the xcolor package documentation for explanation.
    Type H <return> for immediate help.
     ...
    ! Package xcolor Error: Undefined color `fgcolor'.
    
    See the xcolor package documentation for explanation.
    Type H <return> for immediate help.
     ...
    ! Package xcolor Error: Undefined color `fgcolor'.
    
    See the xcolor package documentation for explanation.
    Type H <return> for immediate help.
     ...
    ! Package xcolor Error: Undefined color `fgcolor'.
    
    See the xcolor package documentation for explanation.
    Type H <return> for immediate help.
     ...
    ! Package xcolor Error: Undefined color `fgcolor'.
    
    See the xcolor package documentation for explanation.
    Type H <return> for immediate help.
     ...
    ! Package xcolor Error: Undefined color `fgcolor'.
    
    See the xcolor package documentation for explanation.
    Type H <return> for immediate help.
     ...
    ! Package xcolor Error: Undefined color `fgcolor'.
    
    See the xcolor package documentation for explanation.
    Type H <return> for immediate help.
     ...
    ! Package xcolor Error: Undefined color `fgcolor'.
    
    See the xcolor package documentation for explanation.
    Type H <return> for immediate help.
     ...
    --- failed re-building ‘EMVS_vignette.Rnw’
    
    SUMMARY: processing the following file failed:
     ‘EMVS_vignette.Rnw’
    
    Error: Vignette re-building failed.
    Execution halted
Flavors: r-devel-linux-x86_64-fedora-clang, r-devel-linux-x86_64-fedora-gcc

Version: 1.2.1
Check: re-building of vignette outputs
Result: WARN
    Error(s) in re-building vignettes:
    --- re-building 'EMVS_vignette.Rnw' using knitr
    Warning in system(paste(shQuote(texi2dvi), if (quiet) "--quiet" else "", :
     running command '"C:\PROGRA~1\MiKTeX\miktex\bin\x64\texify.exe" --quiet --pdf "EMVS_vignette.tex" --max-iterations=20 -I "C:/r_packages/rinst/share/texmf/tex/latex" -I "C:/r_packages/rinst/share/texmf/bibtex/bst"' had status 1
    Error: processing vignette 'EMVS_vignette.Rnw' failed with diagnostics:
    running 'texi2dvi' on 'EMVS_vignette.tex' failed
    
    LaTeX errors:
    ette.tex:335: Package xcolor Error: Undefined color `fgcolor'.
    
    See the xcolor package documentation for explanation.
    Type H <return> for immediate help.
     ...
    ette.tex:344: Package xcolor Error: Undefined color `fgcolor'.
    
    See the xcolor package documentation for explanation.
    Type H <return> for immediate help.
     ...
    ette.tex:362: Package xcolor Error: Undefined color `fgcolor'.
    
    See the xcolor package documentation for explanation.
    Type H <return> for immediate help.
     ...
    ette.tex:377: Package xcolor Error: Undefined color `fgcolor'.
    
    See the xcolor package documentation for explanation.
    Type H <return> for immediate help.
     ...
    ette.tex:390: Package xcolor Error: Undefined color `fgcolor'.
    
    See the xcolor package documentation for explanation.
    Type H <return> for immediate help.
     ...
    ette.tex:409: Package xcolor Error: Undefined color `fgcolor'.
    
    See the xcolor package documentation for explanation.
    Type H <return> for immediate help.
     ...
    ette.tex:422: Package xcolor Error: Undefined color `fgcolor'.
    
    See the xcolor package documentation for explanation.
    Type H <return> for immediate help.
     ...
    ette.tex:439: Package xcolor Error: Undefined color `fgcolor'.
    
    See the xcolor package documentation for explanation.
    Type H <return> for immediate help.
     ...
    ette.tex:461: Package xcolor Error: Undefined color `fgcolor'.
    
    See the xcolor package documentation for explanation.
    Type H <return> for immediate help.
     ...
    
    --- failed re-building 'EMVS_vignette.Rnw'
    
    SUMMARY: processing the following file failed:
     'EMVS_vignette.Rnw'
    
    Error: Vignette re-building failed.
    Execution halted
Flavor: r-devel-windows-x86_64-new-TK