CRAN Package Check Results for Package EMMIXgene

Last updated on 2021-12-08 09:53:28 CET.

Flavor Version Tinstall Tcheck Ttotal Status Flags
r-devel-linux-x86_64-debian-clang 0.1.3 55.89 91.72 147.61 OK
r-devel-linux-x86_64-debian-gcc 0.1.3 42.55 66.95 109.50 OK
r-devel-linux-x86_64-fedora-clang 0.1.3 206.79 NOTE
r-devel-linux-x86_64-fedora-gcc 0.1.3 182.10 OK
r-devel-windows-x86_64-new-UL 0.1.3 77.00 146.00 223.00 OK
r-devel-windows-x86_64-new-TK 0.1.3 OK
r-devel-windows-x86_64-old 0.1.3 76.00 118.00 194.00 OK
r-patched-linux-x86_64 0.1.3 53.96 86.53 140.49 OK
r-release-linux-x86_64 0.1.3 49.88 86.34 136.22 OK
r-release-macos-arm64 0.1.3 NOTE
r-release-macos-x86_64 0.1.3 NOTE
r-release-windows-ix86+x86_64 0.1.3 105.00 157.00 262.00 NOTE
r-oldrel-macos-x86_64 0.1.3 NOTE
r-oldrel-windows-ix86+x86_64 0.1.3 145.00 159.00 304.00 NOTE

Check Details

Version: 0.1.3
Check: installed package size
Result: NOTE
     installed size is 6.1Mb
     sub-directories of 1Mb or more:
     data 2.0Mb
     libs 3.3Mb
Flavors: r-devel-linux-x86_64-fedora-clang, r-release-macos-arm64, r-release-macos-x86_64, r-release-windows-ix86+x86_64, r-oldrel-macos-x86_64, r-oldrel-windows-ix86+x86_64