CRAN Package Check Results for Package EIX

Last updated on 2020-02-26 10:48:17 CET.

Flavor Version Tinstall Tcheck Ttotal Status Flags
r-devel-linux-x86_64-debian-clang 1.1 11.84 363.21 375.05 NOTE
r-devel-linux-x86_64-debian-gcc 1.1 10.96 447.61 458.57 NOTE
r-devel-linux-x86_64-fedora-clang 1.1 338.19 NOTE
r-devel-linux-x86_64-fedora-gcc 1.1 361.07 NOTE
r-devel-windows-ix86+x86_64 1.0 33.00 168.00 201.00 NOTE
r-devel-windows-ix86+x86_64-gcc8 1.1 32.00 176.00 208.00 NOTE
r-patched-linux-x86_64 1.1 10.90 367.03 377.93 NOTE
r-patched-solaris-x86 1.1 306.80 NOTE
r-release-linux-x86_64 1.1 9.89 382.38 392.27 NOTE
r-release-windows-ix86+x86_64 1.1 26.00 171.00 197.00 NOTE
r-release-osx-x86_64 1.1 NOTE
r-oldrel-windows-ix86+x86_64 1.1 16.00 183.00 199.00 NOTE
r-oldrel-osx-x86_64 1.1 NOTE

Check Details

Version: 1.1
Check: package dependencies
Result: NOTE
    Package suggested but not available for checking: 'lightgbm'
Flavors: r-devel-linux-x86_64-debian-clang, r-devel-linux-x86_64-debian-gcc, r-devel-linux-x86_64-fedora-clang, r-devel-linux-x86_64-fedora-gcc, r-devel-windows-ix86+x86_64-gcc8, r-patched-linux-x86_64, r-patched-solaris-x86, r-release-linux-x86_64, r-release-windows-ix86+x86_64, r-release-osx-x86_64, r-oldrel-windows-ix86+x86_64, r-oldrel-osx-x86_64

Version: 1.1
Check: dependencies in R code
Result: NOTE
    Namespaces in Imports field not imported from:
     ‘MASS’ ‘Matrix’ ‘tidyr’
     All declared Imports should be used.
Flavors: r-devel-linux-x86_64-fedora-clang, r-devel-linux-x86_64-fedora-gcc, r-patched-solaris-x86, r-release-osx-x86_64, r-oldrel-osx-x86_64

Version: 1.0
Check: package dependencies
Result: NOTE
    Package suggested but not available for checking: 'lightgbm'
Flavor: r-devel-windows-ix86+x86_64