CRAN Package Check Results for Package EIX

Last updated on 2019-09-20 15:47:01 CEST.

Flavor Version Tinstall Tcheck Ttotal Status Flags
r-devel-linux-x86_64-debian-clang 1.0 10.19 308.39 318.58 NOTE
r-devel-linux-x86_64-debian-gcc 1.0 9.28 373.13 382.41 NOTE
r-devel-linux-x86_64-fedora-clang 1.0 269.71 NOTE
r-devel-linux-x86_64-fedora-gcc 1.0 324.33 NOTE
r-devel-windows-ix86+x86_64 1.0 42.00 258.00 300.00 NOTE
r-patched-linux-x86_64 1.0 11.60 360.74 372.34 NOTE
r-patched-solaris-x86 1.0 296.80 NOTE
r-release-linux-x86_64 1.0 12.04 375.25 387.29 NOTE
r-release-windows-ix86+x86_64 1.0 23.00 170.00 193.00 NOTE
r-release-osx-x86_64 1.0 NOTE
r-oldrel-windows-ix86+x86_64 1.0 13.00 162.00 175.00 NOTE
r-oldrel-osx-x86_64 1.0 NOTE

Check Details

Version: 1.0
Check: package dependencies
Result: NOTE
    Package suggested but not available for checking: 'lightgbm'
Flavors: r-devel-linux-x86_64-debian-clang, r-devel-linux-x86_64-debian-gcc, r-devel-linux-x86_64-fedora-clang, r-devel-linux-x86_64-fedora-gcc, r-devel-windows-ix86+x86_64, r-patched-linux-x86_64, r-patched-solaris-x86, r-release-linux-x86_64, r-release-windows-ix86+x86_64, r-release-osx-x86_64, r-oldrel-windows-ix86+x86_64, r-oldrel-osx-x86_64

Version: 1.0
Check: dependencies in R code
Result: NOTE
    Namespaces in Imports field not imported from:
     ‘MASS’ ‘Matrix’ ‘tidyr’
     All declared Imports should be used.
Flavors: r-devel-linux-x86_64-fedora-clang, r-devel-linux-x86_64-fedora-gcc, r-patched-solaris-x86, r-release-osx-x86_64, r-oldrel-osx-x86_64