CRAN Package Check Results for Package EFA.MRFA

Last updated on 2024-04-19 06:56:14 CEST.

Flavor Version Tinstall Tcheck Ttotal Status Flags
r-devel-linux-x86_64-debian-clang 1.1.2 2.88 44.87 47.75 OK
r-devel-linux-x86_64-debian-gcc 1.1.2 OK
r-devel-linux-x86_64-fedora-clang 1.1.2 60.90 NOTE
r-devel-linux-x86_64-fedora-gcc 1.1.2 57.19 NOTE
r-prerel-macos-arm64 1.1.2 22.00 OK
r-prerel-windows-x86_64 1.1.2 5.00 52.00 57.00 OK
r-patched-linux-x86_64 1.1.2 3.99 43.12 47.11 OK
r-release-linux-x86_64 1.1.2 4.58 42.94 47.52 OK
r-release-macos-arm64 1.1.2 21.00 OK
r-release-macos-x86_64 1.1.2 31.00 OK
r-release-windows-x86_64 1.1.2 7.00 57.00 64.00 OK
r-oldrel-macos-arm64 1.1.2 22.00 NOTE
r-oldrel-windows-x86_64 1.1.2 7.00 67.00 74.00 OK

Check Details

Version: 1.1.2
Check: dependencies in R code
Result: NOTE Namespace in Imports field not imported from: ‘PCovR’ All declared Imports should be used. Flavors: r-devel-linux-x86_64-fedora-clang, r-devel-linux-x86_64-fedora-gcc, r-oldrel-macos-arm64