Last updated on 2023-12-10 21:49:12 CET.
Flavor | Version | Tinstall | Tcheck | Ttotal | Status | Flags |
---|---|---|---|---|---|---|
r-devel-linux-x86_64-debian-clang | 0.0.3 | 10.89 | 60.78 | 71.67 | OK | |
r-devel-linux-x86_64-debian-gcc | 0.0.3 | 10.59 | 46.38 | 56.97 | OK | |
r-devel-linux-x86_64-fedora-clang | 0.0.3 | 96.47 | NOTE | |||
r-devel-linux-x86_64-fedora-gcc | 0.0.3 | 92.36 | NOTE | |||
r-devel-windows-x86_64 | 0.0.3 | 13.00 | 63.00 | 76.00 | OK | |
r-patched-linux-x86_64 | 0.0.3 | 21.10 | 59.19 | 80.29 | OK | |
r-release-linux-x86_64 | 0.0.3 | 14.36 | 59.69 | 74.05 | OK | |
r-release-macos-arm64 | 0.0.3 | 40.00 | OK | |||
r-release-macos-x86_64 | 0.0.3 | 63.00 | OK | |||
r-release-windows-x86_64 | 0.0.3 | 17.00 | 71.00 | 88.00 | OK | |
r-oldrel-macos-arm64 | 0.0.3 | 35.00 | OK | |||
r-oldrel-macos-x86_64 | 0.0.3 | 46.00 | OK | |||
r-oldrel-windows-x86_64 | 0.0.3 | 17.00 | 76.00 | 93.00 | OK |
Version: 0.0.3
Check: data for non-ASCII characters
Result: NOTE
Note: found 136358 marked UTF-8 strings
Flavors: r-devel-linux-x86_64-fedora-clang, r-devel-linux-x86_64-fedora-gcc