Last updated on 2025-01-18 22:48:51 CET.
Flavor | Version | Tinstall | Tcheck | Ttotal | Status | Flags |
---|---|---|---|---|---|---|
r-devel-linux-x86_64-debian-clang | 0.2.5 | 14.50 | 116.76 | 131.26 | OK | |
r-devel-linux-x86_64-debian-gcc | 0.2.5 | 9.88 | 83.23 | 93.11 | OK | |
r-devel-linux-x86_64-fedora-clang | 0.2.5 | 208.48 | OK | |||
r-devel-linux-x86_64-fedora-gcc | 0.2.5 | 190.52 | OK | |||
r-devel-windows-x86_64 | 0.2.5 | 17.00 | 113.00 | 130.00 | OK | |
r-patched-linux-x86_64 | 0.2.5 | 14.18 | 105.21 | 119.39 | OK | |
r-release-linux-x86_64 | 0.2.5 | 14.31 | 106.31 | 120.62 | OK | |
r-release-macos-arm64 | 0.2.5 | 13.00 | ERROR | |||
r-release-macos-x86_64 | 0.2.5 | 12.00 | ERROR | |||
r-release-windows-x86_64 | 0.2.5 | 16.00 | 114.00 | 130.00 | OK | |
r-oldrel-macos-arm64 | 0.2.5 | 10.00 | ERROR | |||
r-oldrel-macos-x86_64 | 0.2.5 | 11.00 | ERROR | |||
r-oldrel-windows-x86_64 | 0.2.5 | 21.00 | 137.00 | 158.00 | OK |
Version: 0.2.5
Check: package dependencies
Result: ERROR
Package required but not available: ‘opGMMassessment’
See section ‘The DESCRIPTION file’ in the ‘Writing R Extensions’
manual.
Flavors: r-release-macos-arm64, r-release-macos-x86_64, r-oldrel-macos-arm64, r-oldrel-macos-x86_64