CRAN Package Check Results for Package ECLRMC

Last updated on 2024-07-19 11:57:14 CEST.

Flavor Version Tinstall Tcheck Ttotal Status Flags
r-devel-linux-x86_64-debian-clang 1.0 7.18 65.85 73.03 NOTE
r-devel-linux-x86_64-debian-gcc 1.0 6.47 49.92 56.39 NOTE
r-devel-linux-x86_64-fedora-clang 1.0 89.23 NOTE
r-devel-linux-x86_64-fedora-gcc 1.0 84.81 NOTE
r-devel-windows-x86_64 1.0 6.00 64.00 70.00 NOTE
r-patched-linux-x86_64 1.0 7.30 63.40 70.70 NOTE
r-release-linux-x86_64 1.0 5.68 61.03 66.71 NOTE
r-release-macos-arm64 1.0 29.00 NOTE
r-release-macos-x86_64 1.0 43.00 NOTE
r-release-windows-x86_64 1.0 7.00 64.00 71.00 NOTE
r-oldrel-macos-arm64 1.0 30.00 NOTE
r-oldrel-macos-x86_64 1.0 50.00 NOTE
r-oldrel-windows-x86_64 1.0 7.00 78.00 85.00 NOTE

Check Details

Version: 1.0
Check: LazyData
Result: NOTE 'LazyData' is specified without a 'data' directory Flavors: r-devel-linux-x86_64-debian-clang, r-devel-linux-x86_64-debian-gcc, r-devel-linux-x86_64-fedora-clang, r-devel-linux-x86_64-fedora-gcc, r-devel-windows-x86_64, r-patched-linux-x86_64, r-release-linux-x86_64, r-release-macos-arm64, r-release-macos-x86_64, r-release-windows-x86_64, r-oldrel-macos-arm64, r-oldrel-macos-x86_64, r-oldrel-windows-x86_64