Last updated on 2025-06-14 00:50:09 CEST.
Flavor | Version | Tinstall | Tcheck | Ttotal | Status | Flags |
---|---|---|---|---|---|---|
r-devel-linux-x86_64-debian-clang | 1.0 | 6.56 | 52.73 | 59.29 | OK | |
r-devel-linux-x86_64-debian-gcc | 1.0 | 5.04 | 40.09 | 45.13 | OK | |
r-devel-linux-x86_64-fedora-clang | 1.0 | 90.23 | OK | |||
r-devel-linux-x86_64-fedora-gcc | 1.0 | 86.73 | OK | |||
r-devel-windows-x86_64 | 1.0 | 7.00 | 65.00 | 72.00 | OK | |
r-patched-linux-x86_64 | 1.0 | 6.42 | 50.23 | 56.65 | OK | |
r-release-linux-x86_64 | 1.0 | 5.78 | 50.39 | 56.17 | OK | |
r-release-macos-arm64 | 1.0 | 31.00 | OK | |||
r-release-macos-x86_64 | 1.0 | 72.00 | OK | |||
r-release-windows-x86_64 | 1.0 | 7.00 | 63.00 | 70.00 | OK | |
r-oldrel-macos-arm64 | 1.0 | 29.00 | NOTE | |||
r-oldrel-macos-x86_64 | 1.0 | 43.00 | NOTE | |||
r-oldrel-windows-x86_64 | 1.0 | 9.00 | 80.00 | 89.00 | NOTE |
Version: 1.0
Check: LazyData
Result: NOTE
'LazyData' is specified without a 'data' directory
Flavors: r-oldrel-macos-arm64, r-oldrel-macos-x86_64, r-oldrel-windows-x86_64