Last updated on 2023-03-20 13:53:07 CET.
Flavor | Version | Tinstall | Tcheck | Ttotal | Status | Flags |
---|---|---|---|---|---|---|
r-devel-linux-x86_64-debian-clang | 1.0 | NOTE | ||||
r-devel-linux-x86_64-debian-gcc | 1.0 | 5.90 | 53.95 | 59.85 | NOTE | |
r-devel-linux-x86_64-fedora-clang | 1.0 | 97.31 | NOTE | |||
r-devel-linux-x86_64-fedora-gcc | 1.0 | 92.89 | NOTE | |||
r-devel-windows-x86_64 | 1.0 | 11.00 | 91.00 | 102.00 | NOTE | |
r-patched-linux-x86_64 | 1.0 | 7.38 | 67.13 | 74.51 | NOTE | |
r-release-linux-x86_64 | 1.0 | 6.89 | 65.68 | 72.57 | NOTE | |
r-release-macos-arm64 | 1.0 | 30.00 | NOTE | |||
r-release-macos-x86_64 | 1.0 | 42.00 | NOTE | |||
r-release-windows-x86_64 | 1.0 | 14.00 | 89.00 | 103.00 | NOTE | |
r-oldrel-macos-arm64 | 1.0 | 34.00 | NOTE | |||
r-oldrel-macos-x86_64 | 1.0 | 58.00 | NOTE | |||
r-oldrel-windows-ix86+x86_64 | 1.0 | 17.00 | 90.00 | 107.00 | NOTE |
Version: 1.0
Check: LazyData
Result: NOTE
'LazyData' is specified without a 'data' directory
Flavors: r-devel-linux-x86_64-debian-clang, r-devel-linux-x86_64-debian-gcc, r-devel-linux-x86_64-fedora-clang, r-devel-linux-x86_64-fedora-gcc, r-devel-windows-x86_64, r-patched-linux-x86_64, r-release-linux-x86_64, r-release-macos-arm64, r-release-macos-x86_64, r-release-windows-x86_64, r-oldrel-macos-arm64, r-oldrel-macos-x86_64, r-oldrel-windows-ix86+x86_64