CRAN Package Check Results for Package ECFsup

Last updated on 2020-04-01 12:47:16 CEST.

Flavor Version Tinstall Tcheck Ttotal Status Flags
r-devel-linux-x86_64-debian-clang 0.1-2 31.18 29.19 60.37 NOTE
r-devel-linux-x86_64-debian-gcc 0.1-2 22.35 23.13 45.48 NOTE
r-devel-linux-x86_64-fedora-clang 0.1-2 81.89 NOTE
r-devel-linux-x86_64-fedora-gcc 0.1-2 78.02 NOTE
r-devel-windows-ix86+x86_64 0.1-2 52.00 60.00 112.00 OK
r-devel-windows-ix86+x86_64-gcc8 0.1-2 57.00 73.00 130.00 OK
r-patched-linux-x86_64 0.1-2 29.35 28.41 57.76 NOTE
r-patched-solaris-x86 0.1-2 85.30 OK
r-release-linux-x86_64 0.1-2 26.21 26.75 52.96 NOTE
r-release-windows-ix86+x86_64 0.1-2 62.00 66.00 128.00 OK
r-release-osx-x86_64 0.1-2 OK
r-oldrel-windows-ix86+x86_64 0.1-2 71.00 83.00 154.00 OK
r-oldrel-osx-x86_64 0.1-2 OK

Check Details

Version: 0.1-2
Check: use of SHLIB_OPENMP_*FLAGS in Makefiles
Result: NOTE
     src/Makevars: SHLIB_OPENMP_CXXFLAGS is included in PKG_CXXFLAGS but not in PKG_LIBS
     src/Makevars: SHLIB_OPENMP_CFLAGS is included in PKG_LIBS but linking is by C++
     src/Makevars.win: SHLIB_OPENMP_CXXFLAGS is included in PKG_CXXFLAGS but not in PKG_LIBS
     src/Makevars.win: SHLIB_OPENMP_CFLAGS is included in PKG_LIBS but linking is by C++
    Use of these macros is discussed in sect 1.2.1.1 of 'Writing R
    Extensions'. The macros for different languages may differ so the
    matching macro must be used in PKG_CXXFLAGS (etc) and match that used
    in PKG_LIBS (except for Fortran: see the manual).
Flavors: r-devel-linux-x86_64-debian-clang, r-devel-linux-x86_64-debian-gcc, r-devel-linux-x86_64-fedora-clang, r-devel-linux-x86_64-fedora-gcc, r-patched-linux-x86_64, r-release-linux-x86_64