CRAN Package Check Results for Package EBASS

Last updated on 2020-04-04 16:48:30 CEST.

Flavor Version Tinstall Tcheck Ttotal Status Flags
r-devel-linux-x86_64-debian-clang 0.1 4.47 30.47 34.94 NOTE
r-devel-linux-x86_64-debian-gcc 0.1 3.34 24.23 27.57 NOTE
r-devel-linux-x86_64-fedora-clang 0.1 42.80 OK
r-devel-linux-x86_64-fedora-gcc 0.1 42.46 OK
r-devel-windows-ix86+x86_64 0.1 10.00 45.00 55.00 NOTE
r-devel-windows-ix86+x86_64-gcc8 0.1 9.00 52.00 61.00 NOTE
r-patched-linux-x86_64 0.1 3.85 30.16 34.01 NOTE
r-patched-solaris-x86 0.1 55.50 OK
r-release-linux-x86_64 0.1 2.77 28.29 31.06 OK
r-release-windows-ix86+x86_64 0.1 6.00 62.00 68.00 OK
r-release-osx-x86_64 0.1 OK
r-oldrel-windows-ix86+x86_64 0.1 9.00 43.00 52.00 OK
r-oldrel-osx-x86_64 0.1 OK

Check Details

Version: 0.1
Check: package vignettes
Result: NOTE
    Package vignette with placeholder title 'Vignette Title':
     'my-vignette.Rmd'
Flavors: r-devel-linux-x86_64-debian-clang, r-devel-linux-x86_64-debian-gcc, r-devel-windows-ix86+x86_64, r-devel-windows-ix86+x86_64-gcc8, r-patched-linux-x86_64