CRAN Package Check Results for Package EBASS

Last updated on 2019-07-19 15:46:58 CEST.

Flavor Version Tinstall Tcheck Ttotal Status Flags
r-devel-linux-x86_64-debian-clang 0.1 2.65 28.32 30.97 NOTE
r-devel-linux-x86_64-debian-gcc 0.1 2.60 23.21 25.81 NOTE
r-devel-linux-x86_64-fedora-clang 0.1 39.03 OK
r-devel-linux-x86_64-fedora-gcc 0.1 37.36 OK
r-devel-windows-ix86+x86_64 0.1 7.00 61.00 68.00 NOTE
r-patched-linux-x86_64 0.1 2.42 28.11 30.53 OK
r-patched-solaris-x86 0.1 49.90 OK
r-release-linux-x86_64 0.1 2.51 28.15 30.66 OK
r-release-windows-ix86+x86_64 0.1 6.00 41.00 47.00 OK
r-release-osx-x86_64 0.1 OK
r-oldrel-windows-ix86+x86_64 0.1 5.00 41.00 46.00 OK
r-oldrel-osx-x86_64 0.1 OK

Check Details

Version: 0.1
Check: package vignettes
Result: NOTE
    Package vignette with placeholder title 'Vignette Title':
     'my-vignette.Rmd'
Flavors: r-devel-linux-x86_64-debian-clang, r-devel-linux-x86_64-debian-gcc, r-devel-windows-ix86+x86_64