CRAN Package Check Results for Package EATME

Last updated on 2024-04-16 14:49:23 CEST.

Flavor Version Tinstall Tcheck Ttotal Status Flags
r-devel-linux-x86_64-debian-clang 0.1.0 3.04 65.46 68.50 OK
r-devel-linux-x86_64-debian-gcc 0.1.0 2.23 45.80 48.03 OK
r-devel-linux-x86_64-fedora-clang 0.1.0 83.42 NOTE
r-devel-linux-x86_64-fedora-gcc 0.1.0 79.04 NOTE
r-prerel-macos-arm64 0.1.0 29.00 OK
r-prerel-windows-x86_64 0.1.0 4.00 73.00 77.00 OK
r-patched-linux-x86_64 0.1.0 1.95 60.20 62.15 OK
r-release-linux-x86_64 0.1.0 2.06 65.83 67.89 OK
r-release-macos-arm64 0.1.0 32.00 OK
r-release-macos-x86_64 0.1.0 37.00 OK
r-release-windows-x86_64 0.1.0 5.00 79.00 84.00 OK
r-oldrel-macos-arm64 0.1.0 31.00 NOTE
r-oldrel-windows-x86_64 0.1.0 4.00 81.00 85.00 OK

Check Details

Version: 0.1.0
Check: dependencies in R code
Result: NOTE Namespace in Imports field not imported from: ‘qcr’ All declared Imports should be used. Flavors: r-devel-linux-x86_64-fedora-clang, r-devel-linux-x86_64-fedora-gcc, r-oldrel-macos-arm64