CRAN Package Check Results for Package DynamicDistribution

Last updated on 2019-04-22 21:47:16 CEST.

Flavor Version Tinstall Tcheck Ttotal Status Flags
r-devel-linux-x86_64-debian-clang 1.1 4.35 58.33 62.68 NOTE
r-devel-linux-x86_64-debian-gcc 1.1 4.01 48.60 52.61 NOTE
r-devel-linux-x86_64-fedora-clang 1.1 76.55 NOTE
r-devel-linux-x86_64-fedora-gcc 1.1 78.58 NOTE
r-devel-windows-ix86+x86_64 1.1 10.00 96.00 106.00 NOTE
r-patched-linux-x86_64 1.1 4.06 63.88 67.94 NOTE
r-patched-solaris-x86 1.1 102.20 NOTE
r-release-linux-x86_64 1.1 3.30 59.28 62.58 NOTE
r-release-windows-ix86+x86_64 1.1 5.00 72.00 77.00 NOTE
r-release-osx-x86_64 1.1 NOTE
r-oldrel-windows-ix86+x86_64 1.1 2.00 73.00 75.00 NOTE
r-oldrel-osx-x86_64 1.1 NOTE

Check Details

Version: 1.1
Check: R code for possible problems
Result: NOTE
    Beta_dis: no visible global function definition for 'integrate'
    Cauchy: no visible global function definition for 'integrate'
    Chi_Square: no visible global function definition for 'integrate'
    DynCon: no visible global function definition for 'dev.hold'
    DynCon: no visible global function definition for 'par'
    DynCon: no visible global function definition for 'plot'
    DynCon: no visible global function definition for 'grid'
    DynCon: no visible global function definition for 'polygon'
    DynCon: no visible global function definition for 'legend'
    DynCon: no visible global function definition for 'title'
    DynCon: no visible global function definition for 'dev.interactive'
    DynCon: no visible global function definition for 'dev.flush'
    DynDis: no visible global function definition for 'dev.hold'
    DynDis: no visible global function definition for 'par'
    DynDis: no visible global function definition for 'plot'
    DynDis: no visible global function definition for 'grid'
    DynDis: no visible global function definition for 'points'
    DynDis: no visible global function definition for 'legend'
    DynDis: no visible global function definition for 'segments'
    DynDis: no visible global function definition for 'title'
    DynDis: no visible global function definition for 'dev.interactive'
    DynDis: no visible global function definition for 'dev.flush'
    Exponential: no visible global function definition for 'integrate'
    F_dis: no visible global function definition for 'integrate'
    Gamma_dis: no visible global function definition for 'pgamma'
    Inverse_Gaussian: no visible global function definition for 'integrate'
    Laplace: no visible global function definition for 'integrate'
    Lognormal: no visible global function definition for 'integrate'
    Normal: no visible global function definition for 'pnorm'
    Pareto: no visible global function definition for 'integrate'
    Rayleigh: no visible global function definition for 'integrate'
    Student_t: no visible global function definition for 'integrate'
    Undefined global functions or variables:
     dev.flush dev.hold dev.interactive grid integrate legend par pgamma
     plot pnorm points polygon segments title
    Consider adding
     importFrom("grDevices", "dev.flush", "dev.hold", "dev.interactive")
     importFrom("graphics", "grid", "legend", "par", "plot", "points",
     "polygon", "segments", "title")
     importFrom("stats", "integrate", "pgamma", "pnorm")
    to your NAMESPACE file.
Flavors: r-devel-linux-x86_64-debian-clang, r-devel-linux-x86_64-debian-gcc, r-devel-linux-x86_64-fedora-clang, r-devel-linux-x86_64-fedora-gcc, r-devel-windows-ix86+x86_64, r-patched-linux-x86_64, r-patched-solaris-x86, r-release-linux-x86_64, r-release-windows-ix86+x86_64, r-release-osx-x86_64, r-oldrel-windows-ix86+x86_64, r-oldrel-osx-x86_64