CRAN Package Check Results for Package DynaRankR

Last updated on 2024-05-23 16:56:40 CEST.

Flavor Version Tinstall Tcheck Ttotal Status Flags
r-devel-linux-x86_64-debian-clang 1.1.0 7.22 60.08 67.30 NOTE
r-devel-linux-x86_64-debian-gcc 1.1.0 4.98 42.86 47.84 NOTE
r-devel-linux-x86_64-fedora-clang 1.1.0 81.33 NOTE
r-devel-linux-x86_64-fedora-gcc 1.1.0 76.55 NOTE
r-devel-windows-x86_64 1.1.0 7.00 62.00 69.00 NOTE
r-patched-linux-x86_64 1.1.0 7.16 56.16 63.32 NOTE
r-release-linux-x86_64 1.1.0 6.51 56.39 62.90 NOTE
r-release-macos-arm64 1.1.0 25.00 NOTE
r-release-windows-x86_64 1.1.0 6.00 62.00 68.00 NOTE
r-oldrel-macos-arm64 1.1.0 27.00 NOTE
r-oldrel-macos-x86_64 1.1.0 40.00 NOTE
r-oldrel-windows-x86_64 1.1.0 8.00 68.00 76.00 NOTE

Check Details

Version: 1.1.0
Check: package subdirectories
Result: NOTE Problems with news in ‘NEWS.md’: No news entries found. Flavors: r-devel-linux-x86_64-debian-clang, r-devel-linux-x86_64-debian-gcc, r-devel-linux-x86_64-fedora-clang, r-devel-linux-x86_64-fedora-gcc, r-devel-windows-x86_64, r-patched-linux-x86_64, r-release-linux-x86_64, r-release-macos-arm64, r-release-windows-x86_64, r-oldrel-macos-arm64, r-oldrel-macos-x86_64, r-oldrel-windows-x86_64

Version: 1.1.0
Check: Rd files
Result: NOTE checkRd: (-1) dyadic_similarity.Rd:27: Lost braces; missing escapes or markup? 27 | For example, the order {a, b, c} implies that a > b, a > c, and b > c. | ^ Flavors: r-devel-linux-x86_64-debian-clang, r-devel-linux-x86_64-debian-gcc, r-devel-linux-x86_64-fedora-clang, r-devel-linux-x86_64-fedora-gcc, r-devel-windows-x86_64, r-patched-linux-x86_64, r-release-linux-x86_64, r-release-macos-arm64, r-release-windows-x86_64