Last updated on 2023-06-09 18:51:57 CEST.
Flavor | Version | Tinstall | Tcheck | Ttotal | Status | Flags |
---|---|---|---|---|---|---|
r-devel-linux-x86_64-debian-clang | 1.1.0 | 6.52 | 58.30 | 64.82 | NOTE | |
r-devel-linux-x86_64-debian-gcc | 1.1.0 | 5.05 | 43.37 | 48.42 | NOTE | |
r-devel-linux-x86_64-fedora-clang | 1.1.0 | 80.87 | NOTE | |||
r-devel-linux-x86_64-fedora-gcc | 1.1.0 | 75.39 | NOTE | |||
r-devel-windows-x86_64 | 1.1.0 | 7.00 | 61.00 | 68.00 | NOTE | |
r-patched-linux-x86_64 | 1.1.0 | 5.84 | 54.55 | 60.39 | NOTE | |
r-release-linux-x86_64 | 1.1.0 | 4.39 | 54.59 | 58.98 | NOTE | |
r-release-macos-arm64 | 1.1.0 | 27.00 | NOTE | |||
r-release-macos-x86_64 | 1.1.0 | 40.00 | NOTE | |||
r-release-windows-x86_64 | 1.1.0 | 8.00 | 70.00 | 78.00 | NOTE | |
r-oldrel-macos-arm64 | 1.1.0 | 26.00 | OK | |||
r-oldrel-macos-x86_64 | 1.1.0 | 48.00 | OK | |||
r-oldrel-windows-x86_64 | 1.1.0 | 9.00 | 72.00 | 81.00 | OK |
Version: 1.1.0
Check: package subdirectories
Result: NOTE
Problems with news in ‘NEWS.md’:
No news entries found.
Flavors: r-devel-linux-x86_64-debian-clang, r-devel-linux-x86_64-debian-gcc, r-devel-linux-x86_64-fedora-clang, r-devel-linux-x86_64-fedora-gcc, r-devel-windows-x86_64, r-patched-linux-x86_64, r-release-linux-x86_64, r-release-macos-arm64, r-release-macos-x86_64, r-release-windows-x86_64