CRAN Package Check Results for Package DstarM

Last updated on 2019-03-22 16:00:53 CET.

Flavor Version Tinstall Tcheck Ttotal Status Flags
r-devel-linux-x86_64-debian-clang 0.3.0 30.29 46.39 76.68 OK
r-devel-linux-x86_64-debian-gcc 0.3.0 24.30 36.41 60.71 OK
r-devel-linux-x86_64-fedora-clang 0.3.0 108.82 NOTE
r-devel-linux-x86_64-fedora-gcc 0.3.0 95.65 NOTE
r-devel-windows-ix86+x86_64 0.3.0 61.00 114.00 175.00 OK
r-patched-linux-x86_64 0.3.0 28.84 44.40 73.24 OK
r-patched-solaris-x86 0.3.0 108.90 NOTE
r-release-linux-x86_64 0.3.0 26.46 43.95 70.41 OK
r-release-windows-ix86+x86_64 0.3.0 58.00 89.00 147.00 OK
r-release-osx-x86_64 0.3.0 NOTE
r-oldrel-windows-ix86+x86_64 0.3.0 70.00 116.00 186.00 OK
r-oldrel-osx-x86_64 0.3.0 NOTE

Check Details

Version: 0.3.0
Check: dependencies in R code
Result: NOTE
    Namespace in Imports field not imported from: ‘Rcpp’
     All declared Imports should be used.
Flavors: r-devel-linux-x86_64-fedora-clang, r-devel-linux-x86_64-fedora-gcc, r-patched-solaris-x86, r-release-osx-x86_64, r-oldrel-osx-x86_64