CRAN Package Check Results for Package DstarM

Last updated on 2019-05-22 13:47:15 CEST.

Flavor Version Tinstall Tcheck Ttotal Status Flags
r-devel-linux-x86_64-debian-clang 0.3.0 29.84 47.15 76.99 OK
r-devel-linux-x86_64-debian-gcc 0.3.0 25.20 36.92 62.12 OK
r-devel-linux-x86_64-fedora-clang 0.3.0 104.79 NOTE
r-devel-linux-x86_64-fedora-gcc 0.3.0 96.49 NOTE
r-devel-windows-ix86+x86_64 0.3.0 59.00 140.00 199.00 OK
r-patched-linux-x86_64 0.3.0 26.72 46.02 72.74 OK
r-patched-solaris-x86 0.3.0 117.70 NOTE
r-release-linux-x86_64 0.3.0 29.41 46.54 75.95 OK
r-release-windows-ix86+x86_64 0.3.0 89.00 92.00 181.00 OK
r-release-osx-x86_64 0.3.0 NOTE
r-oldrel-windows-ix86+x86_64 0.3.0 59.00 88.00 147.00 OK
r-oldrel-osx-x86_64 0.3.0 NOTE

Check Details

Version: 0.3.0
Check: dependencies in R code
Result: NOTE
    Namespace in Imports field not imported from: ‘Rcpp’
     All declared Imports should be used.
Flavors: r-devel-linux-x86_64-fedora-clang, r-devel-linux-x86_64-fedora-gcc, r-patched-solaris-x86, r-release-osx-x86_64, r-oldrel-osx-x86_64