CRAN Package Check Results for Package Dowd

Last updated on 2021-06-23 02:50:49 CEST.

Flavor Version Tinstall Tcheck Ttotal Status Flags
r-devel-linux-x86_64-debian-clang 0.12 18.65 134.26 152.91 OK
r-devel-linux-x86_64-debian-gcc 0.12 16.33 98.04 114.37 OK
r-devel-linux-x86_64-fedora-clang 0.12 185.02 OK
r-devel-linux-x86_64-fedora-gcc 0.12 176.38 OK
r-devel-windows-x86_64 0.12 28.00 162.00 190.00 OK
r-devel-windows-x86_64-gcc10-UCRT 0.12 ERROR
r-patched-linux-x86_64 0.12 16.60 124.89 141.49 OK
r-patched-solaris-x86 0.12 225.80 OK
r-release-linux-x86_64 0.12 16.72 125.77 142.49 OK
r-release-macos-arm64 0.12 OK
r-release-macos-x86_64 0.12 OK
r-release-windows-ix86+x86_64 0.12 23.00 130.00 153.00 OK
r-oldrel-macos-x86_64 0.12 OK

Check Details

Version: 0.12
Check: package dependencies
Result: ERROR
    Package required but not available: 'forecast'
    
    See section 'The DESCRIPTION file' in the 'Writing R Extensions'
    manual.
Flavor: r-devel-windows-x86_64-gcc10-UCRT