CRAN Package Check Results for Package DnE

Last updated on 2019-04-23 15:50:42 CEST.

Flavor Version Tinstall Tcheck Ttotal Status Flags
r-devel-linux-x86_64-debian-clang 2.1.0 2.32 21.13 23.45 NOTE
r-devel-linux-x86_64-debian-gcc 2.1.0 2.10 17.21 19.31 NOTE
r-devel-linux-x86_64-fedora-clang 2.1.0 28.95 NOTE
r-devel-linux-x86_64-fedora-gcc 2.1.0 30.56 NOTE
r-devel-windows-ix86+x86_64 2.1.0 8.00 42.00 50.00 NOTE
r-patched-linux-x86_64 2.1.0 2.37 21.59 23.96 NOTE
r-patched-solaris-x86 2.1.0 42.00 NOTE
r-release-linux-x86_64 2.1.0 1.93 20.11 22.04 NOTE
r-release-windows-ix86+x86_64 2.1.0 4.00 31.00 35.00 NOTE
r-release-osx-x86_64 2.1.0 NOTE
r-oldrel-windows-ix86+x86_64 2.1.0 3.00 31.00 34.00 NOTE
r-oldrel-osx-x86_64 2.1.0 NOTE

Check Details

Version: 2.1.0
Check: R code for possible problems
Result: NOTE
    is.beta: no visible global function definition for 'pbeta'
    is.beta: no visible global function definition for 'qchisq'
    is.beta: no visible global function definition for 'pchisq'
    is.binom: no visible global function definition for 'pbinom'
    is.binom: no visible global function definition for 'qchisq'
    is.binom: no visible global function definition for 'pchisq'
    is.chisq: no visible global function definition for 'pchisq'
    is.chisq: no visible global function definition for 'qchisq'
    is.degen: no visible global function definition for 'var'
    is.exp: no visible global function definition for 'pexp'
    is.exp: no visible global function definition for 'qchisq'
    is.exp: no visible global function definition for 'pchisq'
    is.f: no visible global function definition for 'pf'
    is.f: no visible global function definition for 'qchisq'
    is.f: no visible global function definition for 'pchisq'
    is.gamma: no visible global function definition for 'var'
    is.gamma: no visible global function definition for 'pgamma'
    is.gamma: no visible global function definition for 'qchisq'
    is.gamma: no visible global function definition for 'pchisq'
    is.geom: no visible global function definition for 'dgeom'
    is.geom: no visible global function definition for 'pgeom'
    is.geom: no visible global function definition for 'qchisq'
    is.geom: no visible global function definition for 'pchisq'
    is.nbinom: no visible global function definition for 'pnbinom'
    is.nbinom: no visible global function definition for 'qchisq'
    is.nbinom: no visible global function definition for 'pchisq'
    is.norm: no visible global function definition for 'pnorm'
    is.norm: no visible global function definition for 'qchisq'
    is.norm: no visible global function definition for 'pchisq'
    is.pois: no visible global function definition for 'dpois'
    is.pois: no visible global function definition for 'ppois'
    is.pois: no visible global function definition for 'qchisq'
    is.pois: no visible global function definition for 'pchisq'
    is.t: no visible global function definition for 'var'
    is.t: no visible global function definition for 'pt'
    is.t: no visible global function definition for 'qchisq'
    is.t: no visible global function definition for 'pchisq'
    is.unif: no visible global function definition for 'punif'
    is.unif: no visible global function definition for 'qchisq'
    is.unif: no visible global function definition for 'pchisq'
    Undefined global functions or variables:
     dgeom dpois pbeta pbinom pchisq pexp pf pgamma pgeom pnbinom pnorm
     ppois pt punif qchisq var
    Consider adding
     importFrom("stats", "dgeom", "dpois", "pbeta", "pbinom", "pchisq",
     "pexp", "pf", "pgamma", "pgeom", "pnbinom", "pnorm",
     "ppois", "pt", "punif", "qchisq", "var")
    to your NAMESPACE file.
Flavors: r-devel-linux-x86_64-debian-clang, r-devel-linux-x86_64-debian-gcc, r-devel-linux-x86_64-fedora-clang, r-devel-linux-x86_64-fedora-gcc, r-devel-windows-ix86+x86_64, r-patched-linux-x86_64, r-patched-solaris-x86, r-release-linux-x86_64, r-release-windows-ix86+x86_64, r-release-osx-x86_64, r-oldrel-windows-ix86+x86_64, r-oldrel-osx-x86_64