Last updated on 2022-06-30 02:52:23 CEST.
Flavor | Version | Tinstall | Tcheck | Ttotal | Status | Flags |
---|---|---|---|---|---|---|
r-devel-linux-x86_64-debian-clang | 5.5 | 20.67 | 149.43 | 170.10 | NOTE | |
r-devel-linux-x86_64-debian-gcc | 5.5 | 16.48 | 109.17 | 125.65 | NOTE | |
r-devel-linux-x86_64-fedora-clang | 5.5 | 204.03 | NOTE | |||
r-devel-linux-x86_64-fedora-gcc | 5.5 | 205.19 | NOTE | |||
r-devel-windows-x86_64 | 5.5 | 67.00 | 172.00 | 239.00 | NOTE | |
r-patched-linux-x86_64 | 5.5 | 20.60 | 140.72 | 161.32 | OK | |
r-release-linux-x86_64 | 5.5 | 15.21 | 141.67 | 156.88 | OK | |
r-release-macos-arm64 | 5.5 | 63.00 | OK | |||
r-release-macos-x86_64 | 5.5 | 69.00 | OK | |||
r-release-windows-x86_64 | 5.5 | 154.00 | 173.00 | 327.00 | OK | |
r-oldrel-macos-arm64 | 5.5 | 62.00 | OK | |||
r-oldrel-macos-x86_64 | 5.5 | 70.00 | OK | |||
r-oldrel-windows-ix86+x86_64 | 5.5 | 39.00 | 172.00 | 211.00 | OK |
Version: 5.5
Check: Rd files
Result: NOTE
checkRd: (-1) eul2rot.Rd:40: Escaped LaTeX specials: \&
checkRd: (-1) multivm.mle.Rd:62: Escaped LaTeX specials: \&
checkRd: (-1) rot2eul.Rd:33: Escaped LaTeX specials: \&
checkRd: (-1) spml.mle.Rd:78: Escaped LaTeX specials: \&
Flavors: r-devel-linux-x86_64-debian-clang, r-devel-linux-x86_64-debian-gcc, r-devel-linux-x86_64-fedora-clang, r-devel-linux-x86_64-fedora-gcc, r-devel-windows-x86_64