CRAN Package Check Results for Package DiffusionRjgqd

Last updated on 2019-04-24 14:47:22 CEST.

Flavor Version Tinstall Tcheck Ttotal Status Flags
r-devel-linux-x86_64-debian-clang 0.1.1 33.33 180.40 213.73 OK
r-devel-linux-x86_64-debian-gcc 0.1.1 27.44 135.30 162.74 OK
r-devel-linux-x86_64-fedora-clang 0.1.1 277.93 NOTE
r-devel-linux-x86_64-fedora-gcc 0.1.1 271.88 NOTE
r-devel-windows-ix86+x86_64 0.1.1 90.00 267.00 357.00 NOTE
r-patched-linux-x86_64 0.1.1 32.76 175.11 207.87 OK
r-patched-solaris-x86 0.1.1 353.40 NOTE
r-release-linux-x86_64 0.1.1 31.42 163.55 194.97 OK
r-release-windows-ix86+x86_64 0.1.1 51.00 247.00 298.00 NOTE
r-release-osx-x86_64 0.1.1 NOTE
r-oldrel-windows-ix86+x86_64 0.1.1 64.00 250.00 314.00 NOTE
r-oldrel-osx-x86_64 0.1.1 NOTE

Check Details

Version: 0.1.1
Check: installed package size
Result: NOTE
     installed size is 6.8Mb
     sub-directories of 1Mb or more:
     doc 5.6Mb
Flavors: r-devel-linux-x86_64-fedora-clang, r-devel-windows-ix86+x86_64, r-patched-solaris-x86, r-release-windows-ix86+x86_64, r-release-osx-x86_64, r-oldrel-windows-ix86+x86_64, r-oldrel-osx-x86_64

Version: 0.1.1
Check: compiled code
Result: NOTE
    File ‘DiffusionRjgqd/libs/DiffusionRjgqd.so’:
     Found no calls to: ‘R_registerRoutines’, ‘R_useDynamicSymbols’
    
    It is good practice to register native routines and to disable symbol
    search.
    
    See ‘Writing portable packages’ in the ‘Writing R Extensions’ manual.
Flavors: r-devel-linux-x86_64-fedora-clang, r-devel-linux-x86_64-fedora-gcc