CRAN Package Check Results for Package DiceEval

Last updated on 2022-07-03 15:52:30 CEST.

Flavor Version Tinstall Tcheck Ttotal Status Flags
r-devel-linux-x86_64-debian-clang 1.5 2.83 33.79 36.62 NOTE
r-devel-linux-x86_64-debian-gcc 1.5 2.86 27.00 29.86 NOTE
r-devel-linux-x86_64-fedora-clang 1.5 57.30 NOTE
r-devel-linux-x86_64-fedora-gcc 1.5 57.10 NOTE
r-devel-windows-x86_64 1.5 26.00 61.00 87.00 NOTE
r-patched-linux-x86_64 1.5 3.20 33.14 36.34 OK
r-release-linux-x86_64 1.5 3.21 33.80 37.01 OK
r-release-macos-arm64 1.5 19.00 OK
r-release-macos-x86_64 1.5 26.00 OK
r-release-windows-x86_64 1.5 25.00 62.00 87.00 OK
r-oldrel-macos-arm64 1.5 21.00 OK
r-oldrel-macos-x86_64 1.5 36.00 OK
r-oldrel-windows-ix86+x86_64 1.5 8.00 56.00 64.00 OK

Check Details

Version: 1.5
Check: Rd files
Result: NOTE
    checkRd: (-1) formulaLm.rd:4: Escaped LaTeX specials: \~
Flavors: r-devel-linux-x86_64-debian-clang, r-devel-linux-x86_64-debian-gcc, r-devel-linux-x86_64-fedora-clang, r-devel-linux-x86_64-fedora-gcc, r-devel-windows-x86_64