CRAN Package Check Results for Package DiPs

Last updated on 2023-01-30 23:56:15 CET.

Flavor Version Tinstall Tcheck Ttotal Status Flags
r-devel-linux-x86_64-debian-clang 0.6.4 2.56 38.05 40.61 NOTE
r-devel-linux-x86_64-debian-gcc 0.6.4 2.73 29.45 32.18 NOTE
r-devel-linux-x86_64-fedora-clang 0.6.4 63.38 NOTE
r-devel-linux-x86_64-fedora-gcc 0.6.4 52.23 NOTE
r-devel-windows-x86_64 0.6.4 22.00 77.00 99.00 NOTE
r-patched-linux-x86_64 0.6.4 3.88 38.44 42.32 NOTE
r-release-linux-x86_64 0.6.4 3.69 37.92 41.61 NOTE
r-release-macos-arm64 0.6.4 21.00 NOTE
r-release-macos-x86_64 0.6.4 29.00 NOTE
r-release-windows-x86_64 0.6.4 11.00 82.00 93.00 NOTE
r-oldrel-macos-arm64 0.6.4 23.00 NOTE
r-oldrel-macos-x86_64 0.6.4 30.00 NOTE
r-oldrel-windows-ix86+x86_64 0.6.4 10.00 70.00 80.00 NOTE

Check Details

Version: 0.6.4
Check: package dependencies
Result: NOTE
    Package suggested but not available for checking: ‘rrelaxiv’
Flavors: r-devel-linux-x86_64-debian-clang, r-devel-linux-x86_64-debian-gcc, r-devel-linux-x86_64-fedora-clang, r-devel-linux-x86_64-fedora-gcc, r-devel-windows-x86_64, r-patched-linux-x86_64, r-release-linux-x86_64, r-release-macos-arm64, r-release-macos-x86_64, r-release-windows-x86_64, r-oldrel-macos-arm64, r-oldrel-macos-x86_64, r-oldrel-windows-ix86+x86_64