Last updated on 2022-08-13 03:52:09 CEST.
Flavor | Version | Tinstall | Tcheck | Ttotal | Status | Flags |
---|---|---|---|---|---|---|
r-devel-linux-x86_64-debian-clang | 1.3.2 | 2.24 | 33.48 | 35.72 | OK | |
r-devel-linux-x86_64-debian-gcc | 1.3.2 | 2.15 | 25.52 | 27.67 | OK | |
r-devel-linux-x86_64-fedora-clang | 1.3.2 | 61.78 | NOTE | |||
r-devel-linux-x86_64-fedora-gcc | 1.3.2 | 54.14 | NOTE | |||
r-devel-windows-x86_64 | 1.3.2 | 102.00 | 67.00 | 169.00 | OK | |
r-patched-linux-x86_64 | 1.3.2 | 2.76 | 32.02 | 34.78 | OK | |
r-release-linux-x86_64 | 1.3.2 | 2.66 | 31.95 | 34.61 | OK | |
r-release-macos-arm64 | 1.3.2 | 20.00 | NOTE | |||
r-release-macos-x86_64 | 1.3.2 | 36.00 | NOTE | |||
r-release-windows-x86_64 | 1.3.2 | 76.00 | 66.00 | 142.00 | OK | |
r-oldrel-macos-arm64 | 1.3.2 | 28.00 | NOTE | |||
r-oldrel-macos-x86_64 | 1.3.2 | 32.00 | NOTE | |||
r-oldrel-windows-ix86+x86_64 | 1.3.2 | 7.00 | 62.00 | 69.00 | OK |
Version: 1.3.2
Check: data for non-ASCII characters
Result: NOTE
Note: found 5764 marked UTF-8 strings
Flavors: r-devel-linux-x86_64-fedora-clang, r-devel-linux-x86_64-fedora-gcc, r-release-macos-arm64, r-release-macos-x86_64, r-oldrel-macos-arm64, r-oldrel-macos-x86_64