Last updated on 2022-07-03 20:50:43 CEST.
Flavor | Version | Tinstall | Tcheck | Ttotal | Status | Flags |
---|---|---|---|---|---|---|
r-devel-linux-x86_64-debian-clang | 2.1.5 | 178.61 | 191.75 | 370.36 | OK | |
r-devel-linux-x86_64-debian-gcc | 2.1.5 | 138.82 | 135.83 | 274.65 | OK | |
r-devel-linux-x86_64-fedora-clang | 2.1.5 | 483.59 | OK | |||
r-devel-linux-x86_64-fedora-gcc | 2.1.5 | 487.39 | OK | |||
r-devel-windows-x86_64 | 2.1.5 | 162.00 | 237.00 | 399.00 | OK | |
r-patched-linux-x86_64 | 2.1.5 | 148.54 | 170.59 | 319.13 | OK | |
r-release-linux-x86_64 | 2.1.5 | 149.72 | 170.60 | 320.32 | OK | |
r-release-macos-arm64 | 2.1.5 | 109.00 | NOTE | |||
r-release-macos-x86_64 | 2.1.5 | 207.00 | OK | |||
r-release-windows-x86_64 | 2.1.5 | 187.00 | 228.00 | 415.00 | OK | |
r-oldrel-macos-arm64 | 2.1.5 | 98.00 | NOTE | |||
r-oldrel-macos-x86_64 | 2.1.5 | 144.00 | OK | |||
r-oldrel-windows-ix86+x86_64 | 2.1.5 | 432.00 | 319.00 | 751.00 | OK |
Version: 2.1.5
Check: installed package size
Result: NOTE
installed size is 5.1Mb
sub-directories of 1Mb or more:
libs 4.1Mb
Flavors: r-release-macos-arm64, r-oldrel-macos-arm64