CRAN Package Check Results for Package DepthProc

Last updated on 2020-10-21 17:50:38 CEST.

Flavor Version Tinstall Tcheck Ttotal Status Flags
r-devel-linux-x86_64-debian-clang 2.1.3 190.40 173.01 363.41 OK
r-devel-linux-x86_64-debian-gcc 2.1.3 135.67 123.68 259.35 OK
r-devel-linux-x86_64-fedora-clang 2.1.3 480.69 NOTE
r-devel-linux-x86_64-fedora-gcc 2.1.3 451.48 OK
r-devel-windows-ix86+x86_64 2.1.3 412.00 280.00 692.00 OK
r-patched-linux-x86_64 2.1.3 173.15 150.40 323.55 OK
r-patched-solaris-x86 2.1.3 452.70 OK
r-release-linux-x86_64 2.1.3 170.51 149.13 319.64 OK
r-release-macos-x86_64 2.1.3 OK
r-release-windows-ix86+x86_64 2.1.3 415.00 280.00 695.00 OK
r-oldrel-macos-x86_64 2.1.3 WARN
r-oldrel-windows-ix86+x86_64 2.1.3 370.00 261.00 631.00 OK

Check Details

Version: 2.1.3
Check: installed package size
Result: NOTE
     installed size is 5.4Mb
     sub-directories of 1Mb or more:
     libs 4.4Mb
Flavor: r-devel-linux-x86_64-fedora-clang

Version: 2.1.3
Check: dependencies in R code
Result: NOTE
    No protocol specified
    No protocol specified
    No protocol specified
Flavor: r-oldrel-macos-x86_64

Version: 2.1.3
Check: S3 generic/method consistency
Result: WARN
    No protocol specified
    No protocol specified
    See section ‘Generic functions and methods’ in the ‘Writing R
    Extensions’ manual.
Flavor: r-oldrel-macos-x86_64

Version: 2.1.3
Check: replacement functions
Result: WARN
    No protocol specified
    No protocol specified
    The argument of a replacement function which corresponds to the right
    hand side must be named ‘value’.
Flavor: r-oldrel-macos-x86_64

Version: 2.1.3
Check: foreign function calls
Result: NOTE
    No protocol specified
    No protocol specified
    See chapter ‘System and foreign language interfaces’ in the ‘Writing R
    Extensions’ manual.
Flavor: r-oldrel-macos-x86_64

Version: 2.1.3
Check: R code for possible problems
Result: NOTE
    No protocol specified
    No protocol specified
Flavor: r-oldrel-macos-x86_64

Version: 2.1.3
Check: for missing documentation entries
Result: WARN
    No protocol specified
    No protocol specified
    All user-level objects in a package should have documentation entries.
    See chapter ‘Writing R documentation files’ in the ‘Writing R
    Extensions’ manual.
Flavor: r-oldrel-macos-x86_64

Version: 2.1.3
Check: for code/documentation mismatches
Result: WARN
    No protocol specified
    No protocol specified
    No protocol specified
    No protocol specified
    No protocol specified
    No protocol specified
Flavor: r-oldrel-macos-x86_64

Version: 2.1.3
Check: Rd \usage sections
Result: NOTE
    No protocol specified
    No protocol specified
    The \usage entries for S3 methods should use the \method markup and not
    their full name.
    See chapter ‘Writing R documentation files’ in the ‘Writing R
    Extensions’ manual.
Flavor: r-oldrel-macos-x86_64