Last updated on 2023-01-30 23:56:15 CET.
Flavor | Version | Tinstall | Tcheck | Ttotal | Status | Flags |
---|---|---|---|---|---|---|
r-devel-linux-x86_64-debian-clang | 0.5.0 | 4.53 | 29.02 | 33.55 | OK | |
r-devel-linux-x86_64-debian-gcc | 0.5.0 | 3.34 | 22.70 | 26.04 | OK | |
r-devel-linux-x86_64-fedora-clang | 0.5.0 | 44.05 | NOTE | |||
r-devel-linux-x86_64-fedora-gcc | 0.5.0 | 40.28 | NOTE | |||
r-devel-windows-x86_64 | 0.5.0 | 12.00 | 58.00 | 70.00 | OK | |
r-patched-linux-x86_64 | 0.5.0 | 3.45 | 29.32 | 32.77 | OK | |
r-release-linux-x86_64 | 0.5.0 | 2.98 | 29.66 | 32.64 | OK | |
r-release-macos-arm64 | 0.5.0 | 17.00 | NOTE | |||
r-release-macos-x86_64 | 0.5.0 | 22.00 | NOTE | |||
r-release-windows-x86_64 | 0.5.0 | 21.00 | 56.00 | 77.00 | OK | |
r-oldrel-macos-arm64 | 0.5.0 | 19.00 | NOTE | |||
r-oldrel-macos-x86_64 | 0.5.0 | 23.00 | NOTE | |||
r-oldrel-windows-ix86+x86_64 | 0.5.0 | 8.00 | 54.00 | 62.00 | OK |
Version: 0.5.0
Check: dependencies in R code
Result: NOTE
Namespaces in Imports field not imported from:
‘knitr’ ‘shinyBS’ ‘shinyMatrix’
All declared Imports should be used.
Flavors: r-devel-linux-x86_64-fedora-clang, r-devel-linux-x86_64-fedora-gcc, r-release-macos-arm64, r-release-macos-x86_64, r-oldrel-macos-arm64, r-oldrel-macos-x86_64