CRAN Package Check Results for Package DecorateR

Last updated on 2024-06-19 23:57:05 CEST.

Flavor Version Tinstall Tcheck Ttotal Status Flags
r-devel-linux-x86_64-debian-clang 0.1.2 7.92 75.61 83.53 NOTE
r-devel-linux-x86_64-debian-gcc 0.1.2 5.53 55.54 61.07 NOTE
r-devel-linux-x86_64-fedora-clang 0.1.2 103.98 NOTE
r-devel-linux-x86_64-fedora-gcc 0.1.2 110.99 NOTE
r-devel-windows-x86_64 0.1.2 8.00 74.00 82.00 NOTE
r-patched-linux-x86_64 0.1.2 7.32 73.10 80.42 NOTE
r-release-linux-x86_64 0.1.2 7.94 74.44 82.38 NOTE
r-release-macos-arm64 0.1.2 30.00 NOTE
r-release-macos-x86_64 0.1.2 43.00 NOTE
r-release-windows-x86_64 0.1.2 6.00 74.00 80.00 NOTE
r-oldrel-macos-arm64 0.1.2 32.00 NOTE
r-oldrel-macos-x86_64 0.1.2 46.00 NOTE
r-oldrel-windows-x86_64 0.1.2 6.00 79.00 85.00 NOTE

Check Details

Version: 0.1.2
Check: LazyData
Result: NOTE 'LazyData' is specified without a 'data' directory Flavors: r-devel-linux-x86_64-debian-clang, r-devel-linux-x86_64-debian-gcc, r-devel-linux-x86_64-fedora-clang, r-devel-linux-x86_64-fedora-gcc, r-devel-windows-x86_64, r-patched-linux-x86_64, r-release-linux-x86_64, r-release-macos-arm64, r-release-macos-x86_64, r-release-windows-x86_64, r-oldrel-macos-arm64, r-oldrel-macos-x86_64, r-oldrel-windows-x86_64