CRAN Package Check Results for Package DecorateR

Last updated on 2023-12-11 18:53:25 CET.

Flavor Version Tinstall Tcheck Ttotal Status Flags
r-devel-linux-x86_64-debian-clang 0.1.2 8.17 73.70 81.87 NOTE
r-devel-linux-x86_64-debian-gcc 0.1.2 5.57 56.05 61.62 NOTE
r-devel-linux-x86_64-fedora-clang 0.1.2 107.64 NOTE
r-devel-linux-x86_64-fedora-gcc 0.1.2 109.13 NOTE
r-devel-windows-x86_64 0.1.2 8.00 75.00 83.00 NOTE
r-patched-linux-x86_64 0.1.2 6.95 73.69 80.64 NOTE
r-release-linux-x86_64 0.1.2 8.29 74.08 82.37 NOTE
r-release-macos-arm64 0.1.2 32.00 NOTE
r-release-macos-x86_64 0.1.2 46.00 NOTE
r-release-windows-x86_64 0.1.2 8.00 76.00 84.00 NOTE
r-oldrel-macos-arm64 0.1.2 37.00 NOTE
r-oldrel-macos-x86_64 0.1.2 45.00 NOTE
r-oldrel-windows-x86_64 0.1.2 9.00 82.00 91.00 NOTE

Check Details

Version: 0.1.2
Check: LazyData
Result: NOTE 'LazyData' is specified without a 'data' directory Flavors: r-devel-linux-x86_64-debian-clang, r-devel-linux-x86_64-debian-gcc, r-devel-linux-x86_64-fedora-clang, r-devel-linux-x86_64-fedora-gcc, r-devel-windows-x86_64, r-patched-linux-x86_64, r-release-linux-x86_64, r-release-macos-arm64, r-release-macos-x86_64, r-release-windows-x86_64, r-oldrel-macos-arm64, r-oldrel-macos-x86_64, r-oldrel-windows-x86_64