Last updated on 2022-06-26 14:49:55 CEST.
Flavor | Version | Tinstall | Tcheck | Ttotal | Status | Flags |
---|---|---|---|---|---|---|
r-devel-linux-x86_64-debian-clang | 0.30.0 | 6.09 | 229.24 | 235.33 | OK | |
r-devel-linux-x86_64-debian-gcc | 1.0.0 | 5.61 | 169.84 | 175.45 | OK | |
r-devel-linux-x86_64-fedora-clang | 1.0.0 | 278.55 | NOTE | |||
r-devel-linux-x86_64-fedora-gcc | 1.0.0 | 284.50 | OK | |||
r-devel-windows-x86_64 | 1.0.0 | 105.00 | 261.00 | 366.00 | OK | |
r-patched-linux-x86_64 | 1.0.0 | 10.63 | 215.63 | 226.26 | OK | |
r-release-linux-x86_64 | 1.0.0 | 8.14 | 218.05 | 226.19 | OK | |
r-release-macos-arm64 | 1.0.0 | 76.00 | OK | |||
r-release-macos-x86_64 | 1.0.0 | 103.00 | OK | |||
r-release-windows-x86_64 | 1.0.0 | 117.00 | 259.00 | 376.00 | OK | |
r-oldrel-macos-arm64 | 1.0.0 | 77.00 | OK | |||
r-oldrel-macos-x86_64 | 1.0.0 | 97.00 | OK | |||
r-oldrel-windows-ix86+x86_64 | 1.0.0 | 20.00 | 261.00 | 281.00 | OK |
Version: 1.0.0
Check: Rd cross-references
Result: NOTE
Undeclared package ‘future’ in Rd xrefs
Flavor: r-devel-linux-x86_64-fedora-clang