CRAN Package Check Results for Package DeLorean

Last updated on 2022-09-27 21:53:47 CEST.

Flavor Version Tinstall Tcheck Ttotal Status Flags
r-devel-linux-x86_64-debian-clang 1.5.0 511.26 371.79 883.05 NOTE
r-devel-linux-x86_64-debian-gcc 1.5.0 452.92 295.34 748.26 NOTE
r-devel-linux-x86_64-fedora-clang 1.5.0 1061.27 NOTE
r-devel-linux-x86_64-fedora-gcc 1.5.0 1241.38 NOTE
r-devel-windows-x86_64 1.5.0 381.00 449.00 830.00 NOTE
r-patched-linux-x86_64 1.5.0 325.66 371.39 697.05 NOTE
r-release-linux-x86_64 1.5.0 344.28 386.28 730.56 NOTE
r-release-macos-arm64 1.5.0 277.00 NOTE
r-release-macos-x86_64 1.5.0 549.00 NOTE
r-release-windows-x86_64 1.5.0 393.00 436.00 829.00 NOTE
r-oldrel-macos-arm64 1.5.0 419.00 NOTE
r-oldrel-macos-x86_64 1.5.0 566.00 NOTE
r-oldrel-windows-ix86+x86_64 1.5.0 1077.00 493.00 1570.00 NOTE

Check Details

Version: 1.5.0
Check: for GNU extensions in Makefiles
Result: NOTE
    GNU make is a SystemRequirements.
Flavors: r-devel-linux-x86_64-debian-clang, r-devel-linux-x86_64-debian-gcc, r-devel-linux-x86_64-fedora-clang, r-devel-linux-x86_64-fedora-gcc, r-devel-windows-x86_64, r-patched-linux-x86_64, r-release-linux-x86_64, r-release-macos-arm64, r-release-macos-x86_64, r-release-windows-x86_64, r-oldrel-macos-arm64, r-oldrel-macos-x86_64, r-oldrel-windows-ix86+x86_64

Version: 1.5.0
Check: HTML version of manual
Result: NOTE
    Found the following HTML validation problems:
    fit.dl.html:19:1: Warning: missing </h2> before <ol>
    fit.dl.html:34:1: Warning: discarding unexpected </h2>
Flavors: r-devel-linux-x86_64-debian-clang, r-devel-linux-x86_64-debian-gcc, r-devel-linux-x86_64-fedora-clang, r-devel-linux-x86_64-fedora-gcc, r-devel-windows-x86_64

Version: 1.5.0
Check: installed package size
Result: NOTE
     installed size is 7.9Mb
     sub-directories of 1Mb or more:
     libs 5.1Mb
Flavors: r-devel-linux-x86_64-fedora-clang, r-devel-windows-x86_64, r-release-macos-arm64, r-release-macos-x86_64, r-release-windows-x86_64, r-oldrel-macos-arm64, r-oldrel-macos-x86_64, r-oldrel-windows-ix86+x86_64

Version: 1.5.0
Check: top-level files
Result: NOTE
    ‘configure’: /bin/bash is not portable
Flavors: r-devel-linux-x86_64-fedora-clang, r-devel-linux-x86_64-fedora-gcc

Version: 1.5.0
Check: dependencies in R code
Result: NOTE
    Namespace in Imports field not imported from: ‘lattice’
     All declared Imports should be used.
Flavors: r-devel-linux-x86_64-fedora-clang, r-devel-linux-x86_64-fedora-gcc, r-release-macos-arm64, r-release-macos-x86_64, r-oldrel-macos-arm64, r-oldrel-macos-x86_64