CRAN Package Check Results for Package DatastreamDSWS2R

Last updated on 2021-04-16 00:47:10 CEST.

Flavor Version Tinstall Tcheck Ttotal Status Flags
r-devel-linux-x86_64-debian-clang 1.7.9 12.44 53.67 66.11 OK
r-devel-linux-x86_64-debian-gcc 1.7.9 9.27 40.95 50.22 OK
r-devel-linux-x86_64-fedora-clang 1.7.9 95.58 NOTE
r-devel-linux-x86_64-fedora-gcc 1.7.9 81.17 NOTE
r-devel-windows-ix86+x86_64 1.7.9 27.00 73.00 100.00 OK
r-devel-windows-x86_64-gcc10-UCRT 1.7.9 NOTE
r-patched-linux-x86_64 1.7.9 11.77 50.70 62.47 OK
r-patched-solaris-x86 1.7.9 113.30 NOTE
r-release-linux-x86_64 1.7.9 10.75 50.70 61.45 OK
r-release-macos-x86_64 1.7.9 NOTE
r-release-windows-ix86+x86_64 1.7.9 40.00 77.00 117.00 OK
r-oldrel-macos-x86_64 1.7.9 NOTE
r-oldrel-windows-ix86+x86_64 1.7.9 22.00 51.00 73.00 OK

Check Details

Version: 1.7.9
Check: data for non-ASCII characters
Result: NOTE
     Note: found 8 marked Latin-1 strings
Flavors: r-devel-linux-x86_64-fedora-clang, r-devel-linux-x86_64-fedora-gcc, r-devel-windows-x86_64-gcc10-UCRT, r-patched-solaris-x86, r-release-macos-x86_64, r-oldrel-macos-x86_64