CRAN Package Check Results for Package DatabaseConnectorJars

Last updated on 2019-08-24 08:49:48 CEST.

Flavor Version Tinstall Tcheck Ttotal Status Flags
r-devel-linux-x86_64-debian-clang 1.1.0 3.21 28.52 31.73 OK
r-devel-linux-x86_64-debian-gcc 1.1.0 2.67 22.76 25.43 OK
r-devel-linux-x86_64-fedora-clang 1.1.0 39.19 NOTE
r-devel-linux-x86_64-fedora-gcc 1.1.0 37.86 OK
r-devel-windows-ix86+x86_64 1.1.0 15.00 62.00 77.00 NOTE
r-patched-linux-x86_64 1.1.0 2.54 28.29 30.83 OK
r-patched-solaris-x86 1.1.0 57.60 NOTE
r-release-linux-x86_64 1.1.0 2.62 28.46 31.08 OK
r-release-windows-ix86+x86_64 1.1.0 7.00 65.00 72.00 NOTE
r-release-osx-x86_64 1.1.0 NOTE
r-oldrel-windows-ix86+x86_64 1.1.0 6.00 56.00 62.00 NOTE
r-oldrel-osx-x86_64 1.1.0 NOTE

Check Details

Version: 1.1.0
Check: installed package size
Result: NOTE
     installed size is 7.6Mb
     sub-directories of 1Mb or more:
     java 7.5Mb
Flavors: r-devel-linux-x86_64-fedora-clang, r-devel-windows-ix86+x86_64, r-patched-solaris-x86, r-release-windows-ix86+x86_64, r-release-osx-x86_64, r-oldrel-windows-ix86+x86_64, r-oldrel-osx-x86_64