CRAN Package Check Results for Package DatabaseConnectorJars

Last updated on 2019-02-22 02:47:09 CET.

Flavor Version Tinstall Tcheck Ttotal Status Flags
r-devel-linux-x86_64-debian-clang 1.0.0 2.61 28.57 31.18 OK
r-devel-linux-x86_64-debian-gcc 1.0.0 1.88 22.75 24.63 OK
r-devel-linux-x86_64-fedora-clang 1.0.0 38.45 NOTE
r-devel-linux-x86_64-fedora-gcc 1.0.0 34.78 OK
r-devel-windows-ix86+x86_64 1.0.0 8.00 42.00 50.00 NOTE
r-patched-linux-x86_64 1.0.0 2.17 27.18 29.35 OK
r-patched-solaris-x86 1.0.0 48.80 NOTE
r-release-linux-x86_64 1.0.0 OK
r-release-windows-ix86+x86_64 1.0.0 5.00 41.00 46.00 NOTE
r-release-osx-x86_64 1.0.0 NOTE
r-oldrel-windows-ix86+x86_64 1.0.0 6.00 51.00 57.00 NOTE
r-oldrel-osx-x86_64 1.0.0 NOTE

Check Details

Version: 1.0.0
Check: installed package size
Result: NOTE
     installed size is 15.3Mb
     sub-directories of 1Mb or more:
     java 15.2Mb
Flavors: r-devel-linux-x86_64-fedora-clang, r-devel-windows-ix86+x86_64, r-patched-solaris-x86, r-release-windows-ix86+x86_64, r-release-osx-x86_64, r-oldrel-windows-ix86+x86_64, r-oldrel-osx-x86_64