CRAN Package Check Results for Package DatabaseConnectorJars

Last updated on 2019-04-25 17:51:12 CEST.

Flavor Version Tinstall Tcheck Ttotal Status Flags
r-devel-linux-x86_64-debian-clang 1.1.0 2.20 27.84 30.04 OK
r-devel-linux-x86_64-debian-gcc 1.1.0 2.23 21.82 24.05 OK
r-devel-linux-x86_64-fedora-clang 1.1.0 38.93 NOTE
r-devel-linux-x86_64-fedora-gcc 1.1.0 38.21 OK
r-devel-windows-ix86+x86_64 1.1.0 10.00 53.00 63.00 NOTE
r-patched-linux-x86_64 1.1.0 2.46 27.27 29.73 OK
r-patched-solaris-x86 1.1.0 54.60 NOTE
r-release-linux-x86_64 1.1.0 1.88 26.38 28.26 OK
r-release-windows-ix86+x86_64 1.1.0 6.00 56.00 62.00 NOTE
r-release-osx-x86_64 1.1.0 NOTE
r-oldrel-windows-ix86+x86_64 1.1.0 7.00 52.00 59.00 NOTE
r-oldrel-osx-x86_64 1.0.0 NOTE

Check Details

Version: 1.1.0
Check: installed package size
Result: NOTE
     installed size is 7.6Mb
     sub-directories of 1Mb or more:
     java 7.5Mb
Flavors: r-devel-linux-x86_64-fedora-clang, r-devel-windows-ix86+x86_64, r-patched-solaris-x86, r-release-windows-ix86+x86_64, r-release-osx-x86_64, r-oldrel-windows-ix86+x86_64

Version: 1.0.0
Check: installed package size
Result: NOTE
     installed size is 15.3Mb
     sub-directories of 1Mb or more:
     java 15.2Mb
Flavor: r-oldrel-osx-x86_64