CRAN Package Check Results for Package DataLoader

Last updated on 2024-06-18 15:49:20 CEST.

Flavor Version Tinstall Tcheck Ttotal Status Flags
r-devel-linux-x86_64-debian-clang 1.3 9.22 82.43 91.65 NOTE
r-devel-linux-x86_64-debian-gcc 1.3 7.37 59.24 66.61 NOTE
r-devel-linux-x86_64-fedora-clang 1.3 110.52 NOTE
r-devel-linux-x86_64-fedora-gcc 1.3 113.72 NOTE
r-devel-windows-x86_64 1.3 8.00 67.00 75.00 NOTE
r-patched-linux-x86_64 1.3 9.28 78.61 87.89 NOTE
r-release-linux-x86_64 1.3 7.77 78.78 86.55 NOTE
r-release-macos-arm64 1.3 30.00 NOTE
r-release-macos-x86_64 1.3 44.00 NOTE
r-release-windows-x86_64 1.3 8.00 34.00 42.00 FAIL
r-oldrel-macos-arm64 1.3 36.00 NOTE
r-oldrel-macos-x86_64 1.3 44.00 NOTE
r-oldrel-windows-x86_64 1.3 9.00 77.00 86.00 NOTE

Check Details

Version: 1.3
Check: LazyData
Result: NOTE 'LazyData' is specified without a 'data' directory Flavors: r-devel-linux-x86_64-debian-clang, r-devel-linux-x86_64-debian-gcc, r-devel-linux-x86_64-fedora-clang, r-devel-linux-x86_64-fedora-gcc, r-devel-windows-x86_64, r-patched-linux-x86_64, r-release-linux-x86_64, r-release-macos-arm64, r-release-macos-x86_64, r-release-windows-x86_64, r-oldrel-macos-arm64, r-oldrel-macos-x86_64, r-oldrel-windows-x86_64

Version: 1.3
Check: R code for possible problems
Result: NOTE During startup - Warning messages: 1: package "methods" in options("defaultPackages") was not found 2: In doTryCatch(return(expr), name, parentenv, handler) : restarting interrupted promise evaluation # # There is insufficient memory for the Java Runtime Environment to continue. # Native memory allocation (malloc) failed to allocate 1048576 bytes for AllocateHeap # An error report file with more information is saved as: # d:\Rcompile\CRANpkg\local\4.4\DataLoader\hs_err_pid177604.log Flavor: r-release-windows-x86_64

Version: 1.3
Check: Rd files
Result: WARN Error : memory exhausted Flavor: r-release-windows-x86_64

Version: 1.3
Check: for missing documentation entries
Result: WARN During startup - Warning message: package 'stats' in options("defaultPackages") was not found All user-level objects in a package should have documentation entries. See chapter 'Writing R documentation files' in the 'Writing R Extensions' manual. Flavor: r-release-windows-x86_64

Version: 1.3
Check: Rd \usage sections
Result: NOTE Error: memory exhausted Execution halted The \usage entries for S3 methods should use the \method markup and not their full name. See chapter 'Writing R documentation files' in the 'Writing R Extensions' manual. Flavor: r-release-windows-x86_64

Version: 1.3
Check: for unstated dependencies in examples
Result: WARN Fatal error: couldn't allocate node stack Flavor: r-release-windows-x86_64

Version: 1.3
Check: examples
Result: ERROR Running massageExamples to create 'DataLoader-Ex.R' failed NONE Flavor: r-release-windows-x86_64

Version: 1.3
Check: tests
Result: FAIL
Flavor: r-release-windows-x86_64