CRAN Package Check Results for Package DYM

Last updated on 2022-11-26 22:03:51 CET.

Flavor Version Tinstall Tcheck Ttotal Status Flags
r-devel-linux-x86_64-debian-clang 0.2 1.97 24.30 26.27 OK
r-devel-linux-x86_64-debian-gcc 0.2 1.58 19.32 20.90 OK
r-devel-linux-x86_64-fedora-clang 0.2 44.18 NOTE
r-devel-linux-x86_64-fedora-gcc 0.2 42.02 OK
r-devel-windows-x86_64 0.2 12.00 54.00 66.00 OK
r-patched-linux-x86_64 0.2 OK
r-release-linux-x86_64 0.2 1.96 24.01 25.97 OK
r-release-macos-arm64 0.2 17.00 OK
r-release-macos-x86_64 0.2 20.00 OK
r-release-windows-x86_64 0.2 14.00 55.00 69.00 OK
r-oldrel-macos-arm64 0.2 18.00 OK
r-oldrel-macos-x86_64 0.2 26.00 OK
r-oldrel-windows-ix86+x86_64 0.2 4.00 51.00 55.00 OK

Check Details

Version: 0.2
Check: Rd cross-references
Result: NOTE
    Undeclared package ‘stringdist’ in Rd xrefs
Flavor: r-devel-linux-x86_64-fedora-clang