CRAN Package Check Results for Package DWLasso

Last updated on 2022-11-26 23:00:03 CET.

Flavor Version Tinstall Tcheck Ttotal Status Flags
r-devel-linux-x86_64-debian-clang 1.1 14.83 122.09 136.92 NOTE
r-devel-linux-x86_64-debian-gcc 1.1 8.54 91.26 99.80 NOTE
r-devel-linux-x86_64-fedora-clang 1.1 180.36 NOTE
r-devel-linux-x86_64-fedora-gcc 1.1 171.21 NOTE
r-devel-windows-x86_64 1.1 18.00 139.00 157.00 NOTE
r-patched-linux-x86_64 1.1 NOTE
r-release-linux-x86_64 1.1 8.59 114.49 123.08 NOTE
r-release-macos-arm64 1.1 44.00 NOTE
r-release-macos-x86_64 1.1 71.00 NOTE
r-release-windows-x86_64 1.1 20.00 148.00 168.00 NOTE
r-oldrel-macos-arm64 1.1 46.00 NOTE
r-oldrel-macos-x86_64 1.1 88.00 NOTE
r-oldrel-windows-ix86+x86_64 1.1 30.00 134.00 164.00 NOTE

Check Details

Version: 1.1
Check: LazyData
Result: NOTE
     'LazyData' is specified without a 'data' directory
Flavors: r-devel-linux-x86_64-debian-clang, r-devel-linux-x86_64-debian-gcc, r-devel-linux-x86_64-fedora-clang, r-devel-linux-x86_64-fedora-gcc, r-devel-windows-x86_64, r-patched-linux-x86_64, r-release-linux-x86_64, r-release-macos-arm64, r-release-macos-x86_64, r-release-windows-x86_64, r-oldrel-macos-arm64, r-oldrel-macos-x86_64, r-oldrel-windows-ix86+x86_64