CRAN Package Check Results for Package DWLasso

Last updated on 2024-06-13 09:55:01 CEST.

Flavor Version Tinstall Tcheck Ttotal Status Flags
r-devel-linux-x86_64-debian-clang 1.1 11.32 100.96 112.28 NOTE
r-devel-linux-x86_64-debian-gcc 1.1 0.32 1.69 2.01 ERROR
r-devel-linux-x86_64-fedora-clang 1.1 141.18 NOTE
r-devel-linux-x86_64-fedora-gcc 1.1 139.88 NOTE
r-devel-windows-x86_64 1.1 11.00 84.00 95.00 NOTE
r-patched-linux-x86_64 1.1 7.12 96.97 104.09 NOTE
r-release-linux-x86_64 1.1 10.02 96.43 106.45 NOTE
r-release-macos-arm64 1.1 41.00 NOTE
r-release-macos-x86_64 1.1 63.00 NOTE
r-release-windows-x86_64 1.1 10.00 85.00 95.00 NOTE
r-oldrel-macos-arm64 1.1 45.00 NOTE
r-oldrel-macos-x86_64 1.1 79.00 NOTE
r-oldrel-windows-x86_64 1.1 13.00 100.00 113.00 NOTE

Check Details

Version: 1.1
Check: LazyData
Result: NOTE 'LazyData' is specified without a 'data' directory Flavors: r-devel-linux-x86_64-debian-clang, r-devel-linux-x86_64-fedora-clang, r-devel-linux-x86_64-fedora-gcc, r-devel-windows-x86_64, r-patched-linux-x86_64, r-release-linux-x86_64, r-release-macos-arm64, r-release-macos-x86_64, r-release-windows-x86_64, r-oldrel-macos-arm64, r-oldrel-macos-x86_64, r-oldrel-windows-x86_64

Version: 1.1
Check: package dependencies
Result: ERROR Package required but not available: ‘hglasso’ See section ‘The DESCRIPTION file’ in the ‘Writing R Extensions’ manual. Flavor: r-devel-linux-x86_64-debian-gcc