CRAN Package Check Results for Package DWBmodelUN

Last updated on 2022-12-08 10:53:19 CET.

Flavor Version Tinstall Tcheck Ttotal Status Flags
r-devel-linux-x86_64-debian-clang 1.0.0 5.40 104.13 109.53 OK
r-devel-linux-x86_64-debian-gcc 1.0.0 3.78 79.76 83.54 OK
r-devel-linux-x86_64-fedora-clang 1.0.0 150.73 NOTE
r-devel-linux-x86_64-fedora-gcc 1.0.0 150.93 NOTE
r-devel-windows-x86_64 1.0.0 24.00 148.00 172.00 OK
r-patched-linux-x86_64 1.0.0 5.28 96.97 102.25 OK
r-release-linux-x86_64 1.0.0 4.99 99.06 104.05 OK
r-release-macos-arm64 1.0.0 35.00 NOTE
r-release-macos-x86_64 1.0.0 50.00 NOTE
r-release-windows-x86_64 1.0.0 30.00 147.00 177.00 OK
r-oldrel-macos-arm64 1.0.0 34.00 NOTE
r-oldrel-macos-x86_64 1.0.0 55.00 NOTE
r-oldrel-windows-ix86+x86_64 1.0.0 10.00 138.00 148.00 OK

Check Details

Version: 1.0.0
Check: dependencies in R code
Result: NOTE
    Namespaces in Imports field not imported from:
     ‘ncdf4’ ‘rgdal’
     All declared Imports should be used.
Flavors: r-devel-linux-x86_64-fedora-clang, r-devel-linux-x86_64-fedora-gcc, r-release-macos-arm64, r-release-macos-x86_64, r-oldrel-macos-arm64, r-oldrel-macos-x86_64