CRAN Package Check Results for Package DVHmetrics

Last updated on 2022-12-01 13:50:03 CET.

Flavor Version Tinstall Tcheck Ttotal Status Flags
r-devel-linux-x86_64-debian-clang 0.4.2 13.32 158.02 171.34 OK
r-devel-linux-x86_64-debian-gcc 0.4.2 11.32 115.67 126.99 OK
r-devel-linux-x86_64-fedora-clang 0.4.2 221.98 NOTE
r-devel-linux-x86_64-fedora-gcc 0.4.2 208.63 NOTE
r-devel-windows-x86_64 0.4.2 76.00 258.00 334.00 OK
r-patched-linux-x86_64 0.4.2 11.48 147.30 158.78 OK
r-release-linux-x86_64 0.4.2 11.00 147.45 158.45 OK
r-release-macos-arm64 0.4.2 69.00 NOTE
r-release-macos-x86_64 0.4.2 121.00 NOTE
r-release-windows-x86_64 0.4.2 76.00 248.00 324.00 OK
r-oldrel-macos-arm64 0.4.2 54.00 NOTE
r-oldrel-macos-x86_64 0.4.2 76.00 NOTE
r-oldrel-windows-ix86+x86_64 0.4.2 29.00 187.00 216.00 OK

Check Details

Version: 0.4.2
Check: dependencies in R code
Result: NOTE
    Namespace in Imports field not imported from: ‘DT’
     All declared Imports should be used.
Flavors: r-devel-linux-x86_64-fedora-clang, r-devel-linux-x86_64-fedora-gcc, r-release-macos-arm64, r-release-macos-x86_64, r-oldrel-macos-arm64, r-oldrel-macos-x86_64