Last updated on 2022-08-12 12:56:06 CEST.
Flavor | Version | Tinstall | Tcheck | Ttotal | Status | Flags |
---|---|---|---|---|---|---|
r-devel-linux-x86_64-debian-clang | 0.4.2 | 14.15 | 154.92 | 169.07 | OK | |
r-devel-linux-x86_64-debian-gcc | 0.4.2 | 11.08 | 113.62 | 124.70 | OK | |
r-devel-linux-x86_64-fedora-clang | 0.4.2 | 220.27 | NOTE | |||
r-devel-linux-x86_64-fedora-gcc | 0.4.2 | 218.83 | NOTE | |||
r-devel-windows-x86_64 | 0.4.2 | 74.00 | 237.00 | 311.00 | OK | |
r-patched-linux-x86_64 | 0.4.2 | 12.65 | 143.75 | 156.40 | OK | |
r-release-linux-x86_64 | 0.4.2 | 11.69 | 144.44 | 156.13 | OK | |
r-release-macos-arm64 | 0.4.2 | 69.00 | NOTE | |||
r-release-macos-x86_64 | 0.4.2 | 121.00 | NOTE | |||
r-release-windows-x86_64 | 0.4.2 | 73.00 | 233.00 | 306.00 | OK | |
r-oldrel-macos-arm64 | 0.4.2 | 54.00 | NOTE | |||
r-oldrel-macos-x86_64 | 0.4.2 | 76.00 | NOTE | |||
r-oldrel-windows-ix86+x86_64 | 0.4.2 | 29.00 | 182.00 | 211.00 | OK |
Version: 0.4.2
Check: dependencies in R code
Result: NOTE
Namespace in Imports field not imported from: ‘DT’
All declared Imports should be used.
Flavors: r-devel-linux-x86_64-fedora-clang, r-devel-linux-x86_64-fedora-gcc, r-release-macos-arm64, r-release-macos-x86_64, r-oldrel-macos-arm64, r-oldrel-macos-x86_64