CRAN Package Check Results for Package DTK

Last updated on 2019-02-24 05:52:49 CET.

Flavor Version Tinstall Tcheck Ttotal Status Flags
r-devel-linux-x86_64-debian-clang 3.5 1.38 17.47 18.85 NOTE
r-devel-linux-x86_64-debian-gcc 3.5 0.93 13.77 14.70 NOTE
r-devel-linux-x86_64-fedora-clang 3.5 22.99 NOTE
r-devel-linux-x86_64-fedora-gcc 3.5 21.14 NOTE
r-devel-windows-ix86+x86_64 3.5 5.00 27.00 32.00 NOTE
r-patched-linux-x86_64 3.5 1.00 15.99 16.99 NOTE
r-patched-solaris-x86 3.5 32.20 NOTE
r-release-linux-x86_64 3.5 0.84 16.13 16.97 NOTE
r-release-windows-ix86+x86_64 3.5 2.00 23.00 25.00 NOTE
r-release-osx-x86_64 3.5 NOTE
r-oldrel-windows-ix86+x86_64 3.5 3.00 24.00 27.00 NOTE
r-oldrel-osx-x86_64 3.5 NOTE

Check Details

Version: 3.5
Check: R code for possible problems
Result: NOTE
    DTK.plot: no visible global function definition for ‘plot’
    DTK.plot: no visible global function definition for ‘axis’
    DTK.plot: no visible global function definition for ‘title’
    DTK.plot: no visible global function definition for ‘lines’
    DTK.plot: no visible global function definition for ‘points’
    DTK.test: no visible binding for global variable ‘sd’
    DTK.test: no visible global function definition for ‘qtukey’
    TK.test: no visible global function definition for ‘TukeyHSD’
    TK.test: no visible global function definition for ‘aov’
    Undefined global functions or variables:
     TukeyHSD aov axis lines plot points qtukey sd title
    Consider adding
     importFrom("graphics", "axis", "lines", "plot", "points", "title")
     importFrom("stats", "TukeyHSD", "aov", "qtukey", "sd")
    to your NAMESPACE file.
Flavors: r-devel-linux-x86_64-debian-clang, r-devel-linux-x86_64-debian-gcc, r-devel-linux-x86_64-fedora-clang, r-devel-linux-x86_64-fedora-gcc, r-devel-windows-ix86+x86_64, r-patched-linux-x86_64, r-patched-solaris-x86, r-release-linux-x86_64, r-release-windows-ix86+x86_64, r-release-osx-x86_64, r-oldrel-windows-ix86+x86_64, r-oldrel-osx-x86_64