CRAN Package Check Results for Package DTDA.ni

Last updated on 2020-04-04 15:48:16 CEST.

Flavor Version Tinstall Tcheck Ttotal Status Flags
r-devel-linux-x86_64-debian-clang 1.0 1.84 20.80 22.64 NOTE
r-devel-linux-x86_64-debian-gcc 1.0 1.59 16.71 18.30 NOTE
r-devel-linux-x86_64-fedora-clang 1.0 28.76 OK
r-devel-linux-x86_64-fedora-gcc 1.0 29.70 OK
r-devel-windows-ix86+x86_64 1.0 7.00 30.00 37.00 NOTE
r-devel-windows-ix86+x86_64-gcc8 1.0 6.00 32.00 38.00 NOTE
r-patched-linux-x86_64 1.0 1.79 20.81 22.60 NOTE
r-patched-solaris-x86 1.0 44.80 OK
r-release-linux-x86_64 1.0 1.45 19.27 20.72 OK
r-release-windows-ix86+x86_64 1.0 5.00 49.00 54.00 OK
r-release-osx-x86_64 1.0 OK
r-oldrel-windows-ix86+x86_64 1.0 5.00 34.00 39.00 OK
r-oldrel-osx-x86_64 1.0 OK

Check Details

Version: 1.0
Check: package vignettes
Result: NOTE
    Package vignette with placeholder title 'Vignette Title':
     'vignette.Rmd'
Flavors: r-devel-linux-x86_64-debian-clang, r-devel-linux-x86_64-debian-gcc, r-devel-windows-ix86+x86_64, r-devel-windows-ix86+x86_64-gcc8, r-patched-linux-x86_64