CRAN Package Check Results for Package DTDA.ni

Last updated on 2019-07-21 07:49:08 CEST.

Flavor Version Tinstall Tcheck Ttotal Status Flags
r-devel-linux-x86_64-debian-clang 1.0 1.39 19.23 20.62 NOTE
r-devel-linux-x86_64-debian-gcc 1.0 1.30 16.19 17.49 NOTE
r-devel-linux-x86_64-fedora-clang 1.0 26.20 OK
r-devel-linux-x86_64-fedora-gcc 1.0 26.33 OK
r-devel-windows-ix86+x86_64 1.0 9.00 31.00 40.00 NOTE
r-patched-linux-x86_64 1.0 1.48 19.43 20.91 OK
r-patched-solaris-x86 1.0 42.20 OK
r-release-linux-x86_64 1.0 1.50 19.76 21.26 OK
r-release-windows-ix86+x86_64 1.0 4.00 31.00 35.00 OK
r-release-osx-x86_64 1.0 OK
r-oldrel-windows-ix86+x86_64 1.0 9.00 39.00 48.00 OK
r-oldrel-osx-x86_64 1.0 OK

Check Details

Version: 1.0
Check: package vignettes
Result: NOTE
    Package vignette with placeholder title 'Vignette Title':
     'vignette.Rmd'
Flavors: r-devel-linux-x86_64-debian-clang, r-devel-linux-x86_64-debian-gcc, r-devel-windows-ix86+x86_64