CRAN Package Check Results for Package DTComPair

Last updated on 2020-04-05 05:47:10 CEST.

Flavor Version Tinstall Tcheck Ttotal Status Flags
r-devel-linux-x86_64-debian-clang 1.0.3 3.42 28.44 31.86 NOTE
r-devel-linux-x86_64-debian-gcc 1.0.3 3.03 22.51 25.54 NOTE
r-devel-linux-x86_64-fedora-clang 1.0.3 39.68 NOTE
r-devel-linux-x86_64-fedora-gcc 1.0.3 39.21 NOTE
r-devel-windows-ix86+x86_64 1.0.3 10.00 43.00 53.00 NOTE
r-devel-windows-ix86+x86_64-gcc8 1.0.3 8.00 38.00 46.00 NOTE
r-patched-linux-x86_64 1.0.3 3.40 28.29 31.69 NOTE
r-patched-solaris-x86 1.0.3 58.60 NOTE
r-release-linux-x86_64 1.0.3 3.36 26.28 29.64 NOTE
r-release-windows-ix86+x86_64 1.0.3 6.00 63.00 69.00 NOTE
r-release-osx-x86_64 1.0.3 NOTE
r-oldrel-windows-ix86+x86_64 1.0.3 6.00 39.00 45.00 NOTE
r-oldrel-osx-x86_64 1.0.3 NOTE

Check Details

Version: 1.0.3
Check: R code for possible problems
Result: NOTE
    DLR: no visible global function definition for 'formula'
    DLR: no visible global function definition for 'terms'
    DLR: no visible global function definition for 'model.matrix'
    DLR: no visible global function definition for 'as.formula'
    DLR: no visible binding for global variable 'binomial'
    DLR: no visible global function definition for 'coef'
    DLR: no visible global function definition for 'pnorm'
    DLR: no visible global function definition for 'qnorm'
    acc.1test: no visible global function definition for 'qnorm'
    pv.gs: no visible global function definition for 'pchisq'
    pv.rpv: no visible global function definition for 'qnorm'
    pv.rpv: no visible global function definition for 'pnorm'
    pv.wgs: no visible global function definition for 'pchisq'
    sesp.diff.ci: no visible global function definition for 'qnorm'
    sesp.mcnemar: no visible global function definition for 'pchisq'
    Undefined global functions or variables:
     as.formula binomial coef formula model.matrix pchisq pnorm qnorm
     terms
    Consider adding
     importFrom("stats", "as.formula", "binomial", "coef", "formula",
     "model.matrix", "pchisq", "pnorm", "qnorm", "terms")
    to your NAMESPACE file.
Flavors: r-devel-linux-x86_64-debian-clang, r-devel-linux-x86_64-debian-gcc, r-devel-linux-x86_64-fedora-clang, r-devel-linux-x86_64-fedora-gcc, r-devel-windows-ix86+x86_64, r-devel-windows-ix86+x86_64-gcc8, r-patched-linux-x86_64, r-patched-solaris-x86, r-release-linux-x86_64, r-release-windows-ix86+x86_64, r-release-osx-x86_64, r-oldrel-windows-ix86+x86_64, r-oldrel-osx-x86_64