CRAN Package Check Results for Package DTAplots

Last updated on 2022-11-26 22:03:51 CET.

Flavor Version Tinstall Tcheck Ttotal Status Flags
r-devel-linux-x86_64-debian-clang 1.0.2.5 3.31 27.00 30.31 OK
r-devel-linux-x86_64-debian-gcc 1.0.2.5 2.98 21.35 24.33 OK
r-devel-linux-x86_64-fedora-clang 1.0.2.5 50.36 NOTE
r-devel-linux-x86_64-fedora-gcc 1.0.2.5 45.92 NOTE
r-devel-windows-x86_64 1.0.2.5 14.00 50.00 64.00 OK
r-patched-linux-x86_64 1.0.2.5 OK
r-release-linux-x86_64 1.0.2.5 2.70 26.65 29.35 OK
r-release-macos-arm64 1.0.2.5 16.00 NOTE
r-release-macos-x86_64 1.0.2.5 22.00 NOTE
r-release-windows-x86_64 1.0.2.5 8.00 47.00 55.00 OK
r-oldrel-macos-arm64 1.0.2.5 20.00 NOTE
r-oldrel-macos-x86_64 1.0.2.5 24.00 NOTE
r-oldrel-windows-ix86+x86_64 1.0.2.5 7.00 32.00 39.00 OK

Check Details

Version: 1.0.2.5
Check: data for non-ASCII characters
Result: NOTE
     Note: found 1 marked Latin-1 string
Flavors: r-devel-linux-x86_64-fedora-clang, r-devel-linux-x86_64-fedora-gcc, r-release-macos-arm64, r-release-macos-x86_64, r-oldrel-macos-arm64, r-oldrel-macos-x86_64