CRAN Package Check Results for Package DT

Last updated on 2022-10-04 05:50:29 CEST.

Flavor Version Tinstall Tcheck Ttotal Status Flags
r-devel-linux-x86_64-debian-clang 0.25 6.51 46.19 52.70 OK
r-devel-linux-x86_64-debian-gcc 0.25 3.69 35.88 39.57 OK
r-devel-linux-x86_64-fedora-clang 0.25 75.94 NOTE
r-devel-linux-x86_64-fedora-gcc 0.25 70.73 OK
r-devel-windows-x86_64 0.25 625.00 93.00 718.00 NOTE
r-patched-linux-x86_64 0.25 4.36 44.08 48.44 OK
r-release-linux-x86_64 0.25 4.76 44.01 48.77 OK
r-release-macos-arm64 0.25 26.00 NOTE
r-release-macos-x86_64 0.25 37.00 NOTE
r-release-windows-x86_64 0.25 1157.00 92.00 1249.00 NOTE
r-oldrel-macos-arm64 0.25 27.00 NOTE
r-oldrel-macos-x86_64 0.25 41.00 NOTE
r-oldrel-windows-ix86+x86_64 0.25 13.00 74.00 87.00 NOTE

Check Details

Version: 0.25
Check: installed package size
Result: NOTE
     installed size is 5.9Mb
     sub-directories of 1Mb or more:
     htmlwidgets 4.9Mb
Flavors: r-devel-linux-x86_64-fedora-clang, r-devel-windows-x86_64, r-release-macos-arm64, r-release-macos-x86_64, r-release-windows-x86_64, r-oldrel-macos-arm64, r-oldrel-macos-x86_64, r-oldrel-windows-ix86+x86_64