Last updated on 2023-12-09 12:49:19 CET.
Flavor | Version | Tinstall | Tcheck | Ttotal | Status | Flags |
---|---|---|---|---|---|---|
r-devel-linux-x86_64-debian-clang | 0.30 | 5.20 | 46.81 | 52.01 | OK | |
r-devel-linux-x86_64-debian-gcc | 0.30 | 5.21 | 36.44 | 41.65 | OK | |
r-devel-linux-x86_64-fedora-clang | 0.30 | 71.01 | NOTE | |||
r-devel-linux-x86_64-fedora-gcc | 0.31 | 78.96 | OK | |||
r-devel-windows-x86_64 | 0.30 | 9.00 | 58.00 | 67.00 | NOTE | |
r-patched-linux-x86_64 | 0.30 | 12.03 | 45.12 | 57.15 | OK | |
r-release-linux-x86_64 | 0.30 | 5.39 | 44.44 | 49.83 | OK | |
r-release-macos-arm64 | 0.30 | 32.00 | NOTE | |||
r-release-macos-x86_64 | 0.31 | 70.00 | NOTE | |||
r-release-windows-x86_64 | 0.30 | 12.00 | 63.00 | 75.00 | NOTE | |
r-oldrel-macos-arm64 | 0.30 | 87.00 | NOTE | |||
r-oldrel-macos-x86_64 | 0.30 | 43.00 | NOTE | |||
r-oldrel-windows-x86_64 | 0.30 | 12.00 | 64.00 | 76.00 | NOTE |
Version: 0.30
Check: installed package size
Result: NOTE
installed size is 6.1Mb
sub-directories of 1Mb or more:
htmlwidgets 5.0Mb
Flavors: r-devel-linux-x86_64-fedora-clang, r-devel-windows-x86_64, r-release-macos-arm64, r-release-windows-x86_64, r-oldrel-macos-arm64, r-oldrel-macos-x86_64, r-oldrel-windows-x86_64
Version: 0.31
Check: installed package size
Result: NOTE
installed size is 6.3Mb
sub-directories of 1Mb or more:
htmlwidgets 5.5Mb
Flavor: r-release-macos-x86_64