Last updated on 2023-06-09 12:58:14 CEST.
Flavor | Version | Tinstall | Tcheck | Ttotal | Status | Flags |
---|---|---|---|---|---|---|
r-devel-linux-x86_64-debian-clang | 0.28 | 6.42 | 45.71 | 52.13 | OK | |
r-devel-linux-x86_64-debian-gcc | 0.28 | 4.23 | 36.17 | 40.40 | OK | |
r-devel-linux-x86_64-fedora-clang | 0.28 | 65.17 | NOTE | |||
r-devel-linux-x86_64-fedora-gcc | 0.28 | 73.33 | OK | |||
r-devel-windows-x86_64 | 0.28 | 9.00 | 59.00 | 68.00 | NOTE | |
r-patched-linux-x86_64 | 0.28 | 11.05 | 43.93 | 54.98 | OK | |
r-release-linux-x86_64 | 0.28 | 6.21 | 44.71 | 50.92 | OK | |
r-release-macos-arm64 | 0.28 | 34.00 | NOTE | |||
r-release-macos-x86_64 | 0.27 | 50.00 | NOTE | |||
r-release-windows-x86_64 | 0.28 | 10.00 | 64.00 | 74.00 | NOTE | |
r-oldrel-macos-arm64 | 0.28 | 32.00 | NOTE | |||
r-oldrel-macos-x86_64 | 0.28 | 37.00 | NOTE | |||
r-oldrel-windows-x86_64 | 0.28 | 11.00 | 63.00 | 74.00 | NOTE |
Version: 0.28
Check: installed package size
Result: NOTE
installed size is 6.0Mb
sub-directories of 1Mb or more:
htmlwidgets 5.0Mb
Flavors: r-devel-linux-x86_64-fedora-clang, r-devel-windows-x86_64, r-release-macos-arm64, r-release-windows-x86_64, r-oldrel-macos-arm64, r-oldrel-macos-x86_64, r-oldrel-windows-x86_64
Version: 0.27
Check: installed package size
Result: NOTE
installed size is 5.7Mb
sub-directories of 1Mb or more:
htmlwidgets 4.8Mb
Flavor: r-release-macos-x86_64