Last updated on 2023-02-07 12:55:27 CET.
Flavor | Version | Tinstall | Tcheck | Ttotal | Status | Flags |
---|---|---|---|---|---|---|
r-devel-linux-x86_64-debian-clang | 0.27 | 6.14 | 45.78 | 51.92 | OK | |
r-devel-linux-x86_64-debian-gcc | 0.27 | 3.83 | 35.21 | 39.04 | OK | |
r-devel-linux-x86_64-fedora-clang | 0.27 | 68.77 | NOTE | |||
r-devel-linux-x86_64-fedora-gcc | 0.27 | 79.26 | OK | |||
r-devel-windows-x86_64 | 0.27 | 300.00 | 118.00 | 418.00 | NOTE | |
r-patched-linux-x86_64 | 0.27 | 11.54 | 44.24 | 55.78 | OK | |
r-release-linux-x86_64 | 0.27 | 4.29 | 44.38 | 48.67 | OK | |
r-release-macos-arm64 | 0.27 | 24.00 | NOTE | |||
r-release-macos-x86_64 | 0.27 | 38.00 | NOTE | |||
r-release-windows-x86_64 | 0.27 | 919.00 | 94.00 | 1013.00 | NOTE | |
r-oldrel-macos-arm64 | 0.27 | 30.00 | NOTE | |||
r-oldrel-macos-x86_64 | 0.27 | 40.00 | NOTE | |||
r-oldrel-windows-ix86+x86_64 | 0.27 | 13.00 | 71.00 | 84.00 | NOTE |
Version: 0.27
Check: installed package size
Result: NOTE
installed size is 6.1Mb
sub-directories of 1Mb or more:
htmlwidgets 5.1Mb
Flavors: r-devel-linux-x86_64-fedora-clang, r-devel-windows-x86_64, r-release-macos-arm64, r-release-macos-x86_64, r-release-windows-x86_64, r-oldrel-macos-arm64, r-oldrel-macos-x86_64, r-oldrel-windows-ix86+x86_64