CRAN Package Check Results for Package DSBayes

Last updated on 2020-04-05 05:47:10 CEST.

Flavor Version Tinstall Tcheck Ttotal Status Flags
r-devel-linux-x86_64-debian-clang 1.1 2.08 21.92 24.00 NOTE
r-devel-linux-x86_64-debian-gcc 1.1 1.75 17.36 19.11 NOTE
r-devel-linux-x86_64-fedora-clang 1.1 29.08 NOTE
r-devel-linux-x86_64-fedora-gcc 1.1 29.66 NOTE
r-devel-windows-ix86+x86_64 1.1 6.00 31.00 37.00 NOTE
r-devel-windows-ix86+x86_64-gcc8 1.1 5.00 34.00 39.00 NOTE
r-patched-linux-x86_64 1.1 1.91 22.00 23.91 NOTE
r-patched-solaris-x86 1.1 44.60 NOTE
r-release-linux-x86_64 1.1 1.51 19.78 21.29 NOTE
r-release-windows-ix86+x86_64 1.1 4.00 50.00 54.00 NOTE
r-release-osx-x86_64 1.1 NOTE
r-oldrel-windows-ix86+x86_64 1.1 4.00 34.00 38.00 NOTE
r-oldrel-osx-x86_64 1.1 NOTE

Check Details

Version: 1.1
Check: R code for possible problems
Result: NOTE
    DSBayes: no visible global function definition for 'qnorm'
    DSBayes: no visible global function definition for 'coef'
    DSBayes: no visible global function definition for 'vcov'
    DSBayes : MLE: no visible global function definition for 'qnorm'
    DSBayes: no visible global function definition for 'integrate'
    DSBayes : qfunc.numer : <anonymous>: no visible global function
     definition for 'dnorm'
    DSBayes : ds.numer: no visible global function definition for
     'integrate'
    DSBayes : lower: no visible global function definition for 'qlogis'
    DSBayes : lower: no visible global function definition for 'integrate'
    DSBayes : upper: no visible global function definition for 'qlogis'
    DSBayes : upper: no visible global function definition for 'integrate'
    DSBayes: no visible global function definition for 'optimize'
    DSBayes: no visible global function definition for 'uniroot'
    Undefined global functions or variables:
     coef dnorm integrate optimize qlogis qnorm uniroot vcov
    Consider adding
     importFrom("stats", "coef", "dnorm", "integrate", "optimize", "qlogis",
     "qnorm", "uniroot", "vcov")
    to your NAMESPACE file.
Flavors: r-devel-linux-x86_64-debian-clang, r-devel-linux-x86_64-debian-gcc, r-devel-linux-x86_64-fedora-clang, r-devel-linux-x86_64-fedora-gcc, r-devel-windows-ix86+x86_64, r-devel-windows-ix86+x86_64-gcc8, r-patched-linux-x86_64, r-patched-solaris-x86, r-release-linux-x86_64, r-release-windows-ix86+x86_64, r-release-osx-x86_64, r-oldrel-windows-ix86+x86_64, r-oldrel-osx-x86_64